{"id":1046,"date":"2017-05-23T12:26:55","date_gmt":"2017-05-23T10:26:55","guid":{"rendered":"https:\/\/www.turismocampillos.com\/web\/?page_id=1046"},"modified":"2017-07-05T11:32:20","modified_gmt":"2017-07-05T09:32:20","slug":"plaza-cruz-blanca","status":"publish","type":"page","link":"https:\/\/www.turismocampillos.com\/web\/actividades\/visita-urbana\/plaza-cruz-blanca\/","title":{"rendered":"Plaza Cruz Blanca"},"content":{"rendered":"<h1 align=\"justify\">Plaza Cruz Blanca<\/h1>\n<p align=\"justify\"><img fetchpriority=\"high\" decoding=\"async\" class=\"alignnone size-full wp-image-1047\" src=\"https:\/\/www.turismocampillos.com\/web\/wp-content\/uploads\/2017\/05\/Plaza-Cruz-Blanca.jpg\" alt=\"\" width=\"1200\" height=\"800\" \/><\/p>\n<p style=\"text-align: left;\" align=\"justify\">Otra plaza con historia en nuestra localidad es La Cruz Blanca, plaza que durante la ocupaci\u00f3n francesa fue testigo de batallas sangrientas. Durante la ocupaci\u00f3n francesa se produjeron varios hechos de armas en Campillos, que fue utilizado como base de operaciones por la abundancia de agua y forraje para la caballer\u00eda. Entre 1810 y 1812 tuvieron lugar varios encuentros b\u00e9licos entre las tropas espa\u00f1olas en el t\u00e9rmino de Campillos. En esta plaza fueron fusilados un grupo de campilleros por las tropas francesas, es una plaza donde la historia local y sentir de nuestro pueblo han quedado patentes en el transcurso del tiempo. Actualmente es usada para diferentes eventos, as\u00ed como paso obligado de las procesiones de nuestra Semana Santa.<\/p>\n","protected":false},"excerpt":{"rendered":"<p>Plaza Cruz Blanca Otra plaza con historia en nuestra localidad es La Cruz Blanca, plaza que durante la ocupaci\u00f3n francesa fue testigo de batallas sangrientas. Durante la ocupaci\u00f3n francesa se produjeron varios hechos de armas en Campillos, que fue utilizado como base de operaciones por la abundancia de agua y forraje para la caballer\u00eda. Entre [&hellip;]<\/p>\n","protected":false},"author":1,"featured_media":0,"parent":198,"menu_order":0,"comment_status":"closed","ping_status":"closed","template":"","meta":{"site-sidebar-layout":"default","site-content-layout":"","ast-site-content-layout":"default","site-content-style":"default","site-sidebar-style":"default","ast-global-header-display":"","ast-banner-title-visibility":"","ast-main-header-display":"","ast-hfb-above-header-display":"","ast-hfb-below-header-display":"","ast-hfb-mobile-header-display":"","site-post-title":"","ast-breadcrumbs-content":"","ast-featured-img":"","footer-sml-layout":"","ast-disable-related-posts":"","theme-transparent-header-meta":"","adv-header-id-meta":"","stick-header-meta":"","header-above-stick-meta":"","header-main-stick-meta":"","header-below-stick-meta":"","astra-migrate-meta-layouts":"default","ast-page-background-enabled":"default","ast-page-background-meta":{"desktop":{"background-color":"var(--ast-global-color-4)","background-image":"","background-repeat":"repeat","background-position":"center center","background-size":"auto","background-attachment":"scroll","background-type":"","background-media":"","overlay-type":"","overlay-color":"","overlay-opacity":"","overlay-gradient":""},"tablet":{"background-color":"","background-image":"","background-repeat":"repeat","background-position":"center center","background-size":"auto","background-attachment":"scroll","background-type":"","background-media":"","overlay-type":"","overlay-color":"","overlay-opacity":"","overlay-gradient":""},"mobile":{"background-color":"","background-image":"","background-repeat":"repeat","background-position":"center center","background-size":"auto","background-attachment":"scroll","background-type":"","background-media":"","overlay-type":"","overlay-color":"","overlay-opacity":"","overlay-gradient":""}},"ast-content-background-meta":{"desktop":{"background-color":"var(--ast-global-color-5)","background-image":"","background-repeat":"repeat","background-position":"center center","background-size":"auto","background-attachment":"scroll","background-type":"","background-media":"","overlay-type":"","overlay-color":"","overlay-opacity":"","overlay-gradient":""},"tablet":{"background-color":"var(--ast-global-color-5)","background-image":"","background-repeat":"repeat","background-position":"center center","background-size":"auto","background-attachment":"scroll","background-type":"","background-media":"","overlay-type":"","overlay-color":"","overlay-opacity":"","overlay-gradient":""},"mobile":{"background-color":"var(--ast-global-color-5)","background-image":"","background-repeat":"repeat","background-position":"center center","background-size":"auto","background-attachment":"scroll","background-type":"","background-media":"","overlay-type":"","overlay-color":"","overlay-opacity":"","overlay-gradient":""}},"footnotes":""},"class_list":["post-1046","page","type-page","status-publish","hentry"],"_links":{"self":[{"href":"https:\/\/www.turismocampillos.com\/web\/wp-json\/wp\/v2\/pages\/1046","targetHints":{"allow":["GET"]}}],"collection":[{"href":"https:\/\/www.turismocampillos.com\/web\/wp-json\/wp\/v2\/pages"}],"about":[{"href":"https:\/\/www.turismocampillos.com\/web\/wp-json\/wp\/v2\/types\/page"}],"author":[{"embeddable":true,"href":"https:\/\/www.turismocampillos.com\/web\/wp-json\/wp\/v2\/users\/1"}],"replies":[{"embeddable":true,"href":"https:\/\/www.turismocampillos.com\/web\/wp-json\/wp\/v2\/comments?post=1046"}],"version-history":[{"count":0,"href":"https:\/\/www.turismocampillos.com\/web\/wp-json\/wp\/v2\/pages\/1046\/revisions"}],"up":[{"embeddable":true,"href":"https:\/\/www.turismocampillos.com\/web\/wp-json\/wp\/v2\/pages\/198"}],"wp:attachment":[{"href":"https:\/\/www.turismocampillos.com\/web\/wp-json\/wp\/v2\/media?parent=1046"}],"curies":[{"name":"wp","href":"https:\/\/api.w.org\/{rel}","templated":true}]}}