{"id":200,"date":"2017-02-10T13:41:23","date_gmt":"2017-02-10T12:41:23","guid":{"rendered":"http:\/\/www.turismocampillos.com\/web\/?page_id=200"},"modified":"2017-11-13T13:06:46","modified_gmt":"2017-11-13T12:06:46","slug":"circuito-internacional-de-karting","status":"publish","type":"page","link":"https:\/\/www.turismocampillos.com\/web\/actividades\/circuito-internacional-de-karting\/","title":{"rendered":"Circuito Internacional de Karting"},"content":{"rendered":"<h1>Circuito Internacional de Karting<\/h1>\n<div class=\"ast-oembed-container \" style=\"height: 100%;\">\n<div class=\"geodir-embed-container\"><iframe title=\"KARTCENTER CAMPILLOS HD WEB\" width=\"500\" height=\"281\" src=\"https:\/\/www.youtube.com\/embed\/iSy7F5qP6_g?feature=oembed\" frameborder=\"0\" allow=\"accelerometer; autoplay; clipboard-write; encrypted-media; gyroscope; picture-in-picture; web-share\" referrerpolicy=\"strict-origin-when-cross-origin\" allowfullscreen><\/iframe><\/div>\n<\/div>\n<p><span style=\"font-size: medium;\">El circuito de Campillos cuenta con 1500 metros de l\u00edneas y curvas emocionantes, siendo el circuito m\u00e1s grande de Andaluc\u00eda, y uno de los de mayor extensi\u00f3n de Espa\u00f1a.<\/span><\/p>\n<p><span style=\"font-size: medium;\">El Karting de Campillos alberga tanto eventos nacionales como internacionales, as\u00ed como dispone de karts de alquiler para adultos y ni\u00f1os.<\/span><\/p>\n<p>&nbsp;<\/p>\n<p><strong>KARTCENTER CAMPILLOS, S.L.<\/strong><br \/>\nCtra. A-384 Km 101.<br \/>\nTel\u00e9fono: 951 16 31 20<br \/>\nWhatsapp : 674 048 628<br \/>\nE-mail:\u00a0<a href=\"mailto:info@kartingcampillos.com\">info@kartingcampillos.com<\/a><br \/>\nWeb:\u00a0<a href=\"http:\/\/www.kartingcampillos.com\/\">www.kartingcampillos.com<\/a><br \/>\nFacebook: <a class=\"_2wma\" href=\"https:\/\/www.facebook.com\/kartingcampillos\/?ref=page_internal\">Circuito Karting Campillos<\/a><\/p>\n<p>&nbsp;<\/p>\n","protected":false},"excerpt":{"rendered":"<p>Circuito Internacional de Karting El circuito de Campillos cuenta con 1500 metros de l\u00edneas y curvas emocionantes, siendo el circuito m\u00e1s grande de Andaluc\u00eda, y uno de los de mayor extensi\u00f3n de Espa\u00f1a. El Karting de Campillos alberga tanto eventos nacionales como internacionales, as\u00ed como dispone de karts de alquiler para adultos y ni\u00f1os. &nbsp; [&hellip;]<\/p>\n","protected":false},"author":1,"featured_media":0,"parent":18,"menu_order":0,"comment_status":"closed","ping_status":"closed","template":"","meta":{"site-sidebar-layout":"default","site-content-layout":"","ast-site-content-layout":"default","site-content-style":"default","site-sidebar-style":"default","ast-global-header-display":"","ast-banner-title-visibility":"","ast-main-header-display":"","ast-hfb-above-header-display":"","ast-hfb-below-header-display":"","ast-hfb-mobile-header-display":"","site-post-title":"","ast-breadcrumbs-content":"","ast-featured-img":"","footer-sml-layout":"","ast-disable-related-posts":"","theme-transparent-header-meta":"","adv-header-id-meta":"","stick-header-meta":"","header-above-stick-meta":"","header-main-stick-meta":"","header-below-stick-meta":"","astra-migrate-meta-layouts":"default","ast-page-background-enabled":"default","ast-page-background-meta":{"desktop":{"background-color":"var(--ast-global-color-4)","background-image":"","background-repeat":"repeat","background-position":"center center","background-size":"auto","background-attachment":"scroll","background-type":"","background-media":"","overlay-type":"","overlay-color":"","overlay-opacity":"","overlay-gradient":""},"tablet":{"background-color":"","background-image":"","background-repeat":"repeat","background-position":"center center","background-size":"auto","background-attachment":"scroll","background-type":"","background-media":"","overlay-type":"","overlay-color":"","overlay-opacity":"","overlay-gradient":""},"mobile":{"background-color":"","background-image":"","background-repeat":"repeat","background-position":"center center","background-size":"auto","background-attachment":"scroll","background-type":"","background-media":"","overlay-type":"","overlay-color":"","overlay-opacity":"","overlay-gradient":""}},"ast-content-background-meta":{"desktop":{"background-color":"var(--ast-global-color-5)","background-image":"","background-repeat":"repeat","background-position":"center center","background-size":"auto","background-attachment":"scroll","background-type":"","background-media":"","overlay-type":"","overlay-color":"","overlay-opacity":"","overlay-gradient":""},"tablet":{"background-color":"var(--ast-global-color-5)","background-image":"","background-repeat":"repeat","background-position":"center center","background-size":"auto","background-attachment":"scroll","background-type":"","background-media":"","overlay-type":"","overlay-color":"","overlay-opacity":"","overlay-gradient":""},"mobile":{"background-color":"var(--ast-global-color-5)","background-image":"","background-repeat":"repeat","background-position":"center center","background-size":"auto","background-attachment":"scroll","background-type":"","background-media":"","overlay-type":"","overlay-color":"","overlay-opacity":"","overlay-gradient":""}},"footnotes":""},"class_list":["post-200","page","type-page","status-publish","hentry"],"_links":{"self":[{"href":"https:\/\/www.turismocampillos.com\/web\/wp-json\/wp\/v2\/pages\/200","targetHints":{"allow":["GET"]}}],"collection":[{"href":"https:\/\/www.turismocampillos.com\/web\/wp-json\/wp\/v2\/pages"}],"about":[{"href":"https:\/\/www.turismocampillos.com\/web\/wp-json\/wp\/v2\/types\/page"}],"author":[{"embeddable":true,"href":"https:\/\/www.turismocampillos.com\/web\/wp-json\/wp\/v2\/users\/1"}],"replies":[{"embeddable":true,"href":"https:\/\/www.turismocampillos.com\/web\/wp-json\/wp\/v2\/comments?post=200"}],"version-history":[{"count":0,"href":"https:\/\/www.turismocampillos.com\/web\/wp-json\/wp\/v2\/pages\/200\/revisions"}],"up":[{"embeddable":true,"href":"https:\/\/www.turismocampillos.com\/web\/wp-json\/wp\/v2\/pages\/18"}],"wp:attachment":[{"href":"https:\/\/www.turismocampillos.com\/web\/wp-json\/wp\/v2\/media?parent=200"}],"curies":[{"name":"wp","href":"https:\/\/api.w.org\/{rel}","templated":true}]}}