{"id":259,"date":"2017-03-24T12:54:09","date_gmt":"2017-03-24T11:54:09","guid":{"rendered":"https:\/\/www.turismocampillos.com\/web\/?page_id=259"},"modified":"2026-01-08T11:34:50","modified_gmt":"2026-01-08T10:34:50","slug":"historia","status":"publish","type":"page","link":"https:\/\/www.turismocampillos.com\/web\/conoce-campillos\/historia\/","title":{"rendered":"Historia"},"content":{"rendered":"\t\t<div data-elementor-type=\"wp-page\" data-elementor-id=\"259\" class=\"elementor elementor-259\">\n\t\t\t\t\t\t<section class=\"elementor-section elementor-top-section elementor-element elementor-element-7b3db47e elementor-section-boxed elementor-section-height-default elementor-section-height-default\" data-id=\"7b3db47e\" data-element_type=\"section\" data-e-type=\"section\">\n\t\t\t\t\t\t<div class=\"elementor-container elementor-column-gap-default\">\n\t\t\t\t\t<div class=\"elementor-column elementor-col-100 elementor-top-column elementor-element elementor-element-cdbdf85\" data-id=\"cdbdf85\" data-element_type=\"column\" data-e-type=\"column\">\n\t\t\t<div class=\"elementor-widget-wrap elementor-element-populated\">\n\t\t\t\t\t\t<div class=\"elementor-element elementor-element-7f88e06c elementor-widget elementor-widget-text-editor\" data-id=\"7f88e06c\" data-element_type=\"widget\" data-e-type=\"widget\" data-widget_type=\"text-editor.default\">\n\t\t\t\t<div class=\"elementor-widget-container\">\n\t\t\t\t\t\t\t\t\t<h1 align=\"justify\"><span style=\"color: #008000;\">Historia de Campillos<\/span><\/h1>\n<p align=\"justify\">Campillos ocupa una buena situaci\u00f3n geogr\u00e1fica en las comunicaciones con ciudades importantes como Antequera y Ronda. Esto ha favorecido, desde muy antiguo, el tr\u00e1nsito de personas y mercanc\u00edas por sus tierras, como prueban los restos arqueol\u00f3gicos pertenecientes a la Prehistoria, hallados en algunos cerros pr\u00f3ximos al pueblo. En el Castill\u00f3n, se han descubierto restos que parecen indicar la presencia de un asentamiento ibero-romano, entre los que se han encontrado fragmentos de cer\u00e1mica y monedas. Tambi\u00e9n debi\u00f3 existir un enclave visigodo, a juzgar por los tres capiteles encontrados en El Moralejo, en la actualidad convertido en el Colegio San Jos\u00e9.<\/p>\n<p style=\"text-align: center;\"><iframe src=\"https:\/\/www.youtube.com\/embed\/oUYHcrExaB4?rel=0\" width=\"560\" height=\"315\" frameborder=\"0\" allowfullscreen=\"allowfullscreen\"><\/iframe><\/p>\n<p align=\"justify\">A pesar de todos estos hallazgos, no se tiene documentaci\u00f3n del n\u00facleo de Campillos hasta el siglo XV. Tras la conquista de Teba, por Ram\u00edrez de Guzm\u00e1n y la posterior pacificaci\u00f3n de la zona, pobladores procedentes de Osuna se establecieron como carboneros y ganaderos, ya que abundaban los bosques de encinas y los pastos para el ganado. Posteriormente llegaron pobladores de Teba y Antequera.<\/p><\/div><\/div><\/div><\/div><\/div><\/section><\/div> &hellip;<p class=\"ast-the-content-more-link\"> <a class=\"\" href=\"https:\/\/www.turismocampillos.com\/web\/conoce-campillos\/historia\/\"> <span class=\"screen-reader-text\">Historia<\/span>Leer m\u00e1s &raquo;<\/a><\/p>","protected":false},"excerpt":{"rendered":"<p>Historia de Campillos Campillos ocupa una buena situaci\u00f3n geogr\u00e1fica en las comunicaciones con ciudades importantes como Antequera y Ronda. Esto ha favorecido, desde muy antiguo, el tr\u00e1nsito de personas y mercanc\u00edas por sus tierras, como prueban los restos arqueol\u00f3gicos pertenecientes a la Prehistoria, hallados en algunos cerros pr\u00f3ximos al pueblo. En el Castill\u00f3n, se han [&hellip;]<\/p>\n","protected":false},"author":1,"featured_media":0,"parent":5,"menu_order":0,"comment_status":"closed","ping_status":"closed","template":"","meta":{"site-sidebar-layout":"default","site-content-layout":"","ast-site-content-layout":"default","site-content-style":"default","site-sidebar-style":"default","ast-global-header-display":"","ast-banner-title-visibility":"","ast-main-header-display":"","ast-hfb-above-header-display":"","ast-hfb-below-header-display":"","ast-hfb-mobile-header-display":"","site-post-title":"","ast-breadcrumbs-content":"","ast-featured-img":"","footer-sml-layout":"","ast-disable-related-posts":"","theme-transparent-header-meta":"","adv-header-id-meta":"","stick-header-meta":"","header-above-stick-meta":"","header-main-stick-meta":"","header-below-stick-meta":"","astra-migrate-meta-layouts":"default","ast-page-background-enabled":"default","ast-page-background-meta":{"desktop":{"background-color":"var(--ast-global-color-4)","background-image":"","background-repeat":"repeat","background-position":"center center","background-size":"auto","background-attachment":"scroll","background-type":"","background-media":"","overlay-type":"","overlay-color":"","overlay-opacity":"","overlay-gradient":""},"tablet":{"background-color":"","background-image":"","background-repeat":"repeat","background-position":"center center","background-size":"auto","background-attachment":"scroll","background-type":"","background-media":"","overlay-type":"","overlay-color":"","overlay-opacity":"","overlay-gradient":""},"mobile":{"background-color":"","background-image":"","background-repeat":"repeat","background-position":"center center","background-size":"auto","background-attachment":"scroll","background-type":"","background-media":"","overlay-type":"","overlay-color":"","overlay-opacity":"","overlay-gradient":""}},"ast-content-background-meta":{"desktop":{"background-color":"var(--ast-global-color-5)","background-image":"","background-repeat":"repeat","background-position":"center center","background-size":"auto","background-attachment":"scroll","background-type":"","background-media":"","overlay-type":"","overlay-color":"","overlay-opacity":"","overlay-gradient":""},"tablet":{"background-color":"var(--ast-global-color-5)","background-image":"","background-repeat":"repeat","background-position":"center center","background-size":"auto","background-attachment":"scroll","background-type":"","background-media":"","overlay-type":"","overlay-color":"","overlay-opacity":"","overlay-gradient":""},"mobile":{"background-color":"var(--ast-global-color-5)","background-image":"","background-repeat":"repeat","background-position":"center center","background-size":"auto","background-attachment":"scroll","background-type":"","background-media":"","overlay-type":"","overlay-color":"","overlay-opacity":"","overlay-gradient":""}},"footnotes":""},"class_list":["post-259","page","type-page","status-publish","hentry"],"_links":{"self":[{"href":"https:\/\/www.turismocampillos.com\/web\/wp-json\/wp\/v2\/pages\/259","targetHints":{"allow":["GET"]}}],"collection":[{"href":"https:\/\/www.turismocampillos.com\/web\/wp-json\/wp\/v2\/pages"}],"about":[{"href":"https:\/\/www.turismocampillos.com\/web\/wp-json\/wp\/v2\/types\/page"}],"author":[{"embeddable":true,"href":"https:\/\/www.turismocampillos.com\/web\/wp-json\/wp\/v2\/users\/1"}],"replies":[{"embeddable":true,"href":"https:\/\/www.turismocampillos.com\/web\/wp-json\/wp\/v2\/comments?post=259"}],"version-history":[{"count":0,"href":"https:\/\/www.turismocampillos.com\/web\/wp-json\/wp\/v2\/pages\/259\/revisions"}],"up":[{"embeddable":true,"href":"https:\/\/www.turismocampillos.com\/web\/wp-json\/wp\/v2\/pages\/5"}],"wp:attachment":[{"href":"https:\/\/www.turismocampillos.com\/web\/wp-json\/wp\/v2\/media?parent=259"}],"curies":[{"name":"wp","href":"https:\/\/api.w.org\/{rel}","templated":true}]}}