{"id":2789,"date":"2022-08-12T11:19:38","date_gmt":"2022-08-12T09:19:38","guid":{"rendered":"https:\/\/www.turismocampillos.com\/web\/?page_id=2789"},"modified":"2024-12-20T14:26:51","modified_gmt":"2024-12-20T13:26:51","slug":"miradores","status":"publish","type":"page","link":"https:\/\/www.turismocampillos.com\/web\/turismo\/turismo-ornitologico\/miradores\/","title":{"rendered":"Miradores"},"content":{"rendered":"\n<p>Actualmente en el t\u00e9rmino de Campillos existen varios miradores para el avistamiento de aves. En la Reserva Natural de Las Lagunas de Campillos hay dos, uno en la <strong>Laguna Redonda <\/strong>al que se puede acceder por la carretera A-7286  a  2,5 km aproximadamente desde Campillos, tambi\u00e9n llamada carretera de Gobantes. <\/p>\n\n\n\n<p>Otro mirador dentro de la Reserva Natural es el de la <strong>Laguna Dulce<\/strong>, al que se accede por la  carretera A-384 que une Antequera con Campillos , y que encontramos a unos 2.6 km aproximados antes de llegar a Campillos, en una \u00e1rea de descanso donde se encuentra el mirador.  Estos miradores son recomendables visitarlos durante los meses de invierno-primavera, dado que en verano las lagunas suelen secarse, salvo a\u00f1os muy lluviosos.   La peculiaridad de estos humedales al estar rodeados de cultivos posibilitan que veamos una gran diversidad de aves como son:  <strong>tarro blanco, \u00e1nade azul\u00f3n, \u00e1nade friso, cuchara com\u00fan, cerceta com\u00fan, porr\u00f3n europeo, pato colorado, porr\u00f3n pardo, porr\u00f3n mo\u00f1udo, malvas\u00eda cabeciblanca, zampull\u00edn cuellinegro, zampull\u00edn chico, somormujo lavanco, flamenco com\u00fan, la grulla com\u00fan, aguilucho lagunero, gallineta com\u00fan, focha com\u00fan, cig\u00fce\u00f1uela com\u00fan, chorlitejo grande, avefr\u00eda europea, gaviota reidora, gaviota sombr\u00eda, avi\u00f3n roquero, lavandera blanca, curruca capirotada, cist\u00edcola buitr\u00f3n, cetia ruise\u00f1or y mosquitero com\u00fan.\u00a0<\/strong><\/p>\n\n\n\n<p>El siguiente mirador, se encuentra en la <strong>Sierra de Pe\u00f1arrubia<\/strong>. Para llegar a este mirador debemos coger la carretera  A-357  desde Campillos direcci\u00f3n a Teba (a 9km), cuando se divisa el embalse de Guadalteba, tenemos un cruce a la derecha que nos conduce a Teba, si cogemos esta salida a pocos metros veremos  que sale un camino a la derecha , aqu\u00ed dejaremos el coche, y siguiendo el camino unos metros arriba llegaremos al mirador. Se encuentra dentro de la Etapa 19 de Gran Senda de M\u00e1laga, y adem\u00e1s es punto de inter\u00e9s geol\u00f3gico. Desde este mirador podemos observar: buitre leonado,  \u00e1guila-azor perdicera, curruca cabecinegra  y roquero solitario.<\/p>\n\n\n\n<p> <\/p>\n\n\n\n<p><\/p>\n\n\n\n<p><\/p>\n\n\n\n<p><\/p>\n","protected":false},"excerpt":{"rendered":"<p>Actualmente en el t\u00e9rmino de Campillos existen varios miradores para el avistamiento de aves. En la Reserva Natural de Las Lagunas de Campillos hay dos, uno en la Laguna Redonda al que se puede acceder por la carretera A-7286 a 2,5 km aproximadamente desde Campillos, tambi\u00e9n llamada carretera de Gobantes. Otro mirador dentro de la [&hellip;]<\/p>\n","protected":false},"author":1,"featured_media":0,"parent":2769,"menu_order":0,"comment_status":"closed","ping_status":"closed","template":"","meta":{"site-sidebar-layout":"default","site-content-layout":"","ast-site-content-layout":"default","site-content-style":"default","site-sidebar-style":"default","ast-global-header-display":"","ast-banner-title-visibility":"","ast-main-header-display":"","ast-hfb-above-header-display":"","ast-hfb-below-header-display":"","ast-hfb-mobile-header-display":"","site-post-title":"","ast-breadcrumbs-content":"","ast-featured-img":"","footer-sml-layout":"","ast-disable-related-posts":"","theme-transparent-header-meta":"","adv-header-id-meta":"","stick-header-meta":"","header-above-stick-meta":"","header-main-stick-meta":"","header-below-stick-meta":"","astra-migrate-meta-layouts":"set","ast-page-background-enabled":"default","ast-page-background-meta":{"desktop":{"background-color":"var(--ast-global-color-4)","background-image":"","background-repeat":"repeat","background-position":"center center","background-size":"auto","background-attachment":"scroll","background-type":"","background-media":"","overlay-type":"","overlay-color":"","overlay-opacity":"","overlay-gradient":""},"tablet":{"background-color":"","background-image":"","background-repeat":"repeat","background-position":"center center","background-size":"auto","background-attachment":"scroll","background-type":"","background-media":"","overlay-type":"","overlay-color":"","overlay-opacity":"","overlay-gradient":""},"mobile":{"background-color":"","background-image":"","background-repeat":"repeat","background-position":"center center","background-size":"auto","background-attachment":"scroll","background-type":"","background-media":"","overlay-type":"","overlay-color":"","overlay-opacity":"","overlay-gradient":""}},"ast-content-background-meta":{"desktop":{"background-color":"var(--ast-global-color-5)","background-image":"","background-repeat":"repeat","background-position":"center center","background-size":"auto","background-attachment":"scroll","background-type":"","background-media":"","overlay-type":"","overlay-color":"","overlay-opacity":"","overlay-gradient":""},"tablet":{"background-color":"var(--ast-global-color-5)","background-image":"","background-repeat":"repeat","background-position":"center center","background-size":"auto","background-attachment":"scroll","background-type":"","background-media":"","overlay-type":"","overlay-color":"","overlay-opacity":"","overlay-gradient":""},"mobile":{"background-color":"var(--ast-global-color-5)","background-image":"","background-repeat":"repeat","background-position":"center center","background-size":"auto","background-attachment":"scroll","background-type":"","background-media":"","overlay-type":"","overlay-color":"","overlay-opacity":"","overlay-gradient":""}},"footnotes":""},"class_list":["post-2789","page","type-page","status-publish","hentry"],"_links":{"self":[{"href":"https:\/\/www.turismocampillos.com\/web\/wp-json\/wp\/v2\/pages\/2789","targetHints":{"allow":["GET"]}}],"collection":[{"href":"https:\/\/www.turismocampillos.com\/web\/wp-json\/wp\/v2\/pages"}],"about":[{"href":"https:\/\/www.turismocampillos.com\/web\/wp-json\/wp\/v2\/types\/page"}],"author":[{"embeddable":true,"href":"https:\/\/www.turismocampillos.com\/web\/wp-json\/wp\/v2\/users\/1"}],"replies":[{"embeddable":true,"href":"https:\/\/www.turismocampillos.com\/web\/wp-json\/wp\/v2\/comments?post=2789"}],"version-history":[{"count":0,"href":"https:\/\/www.turismocampillos.com\/web\/wp-json\/wp\/v2\/pages\/2789\/revisions"}],"up":[{"embeddable":true,"href":"https:\/\/www.turismocampillos.com\/web\/wp-json\/wp\/v2\/pages\/2769"}],"wp:attachment":[{"href":"https:\/\/www.turismocampillos.com\/web\/wp-json\/wp\/v2\/media?parent=2789"}],"curies":[{"name":"wp","href":"https:\/\/api.w.org\/{rel}","templated":true}]}}