{"id":2813,"date":"2022-08-12T11:49:34","date_gmt":"2022-08-12T09:49:34","guid":{"rendered":"https:\/\/www.turismocampillos.com\/web\/?page_id=2813"},"modified":"2025-01-28T14:55:13","modified_gmt":"2025-01-28T13:55:13","slug":"feria-del-jamon","status":"publish","type":"page","link":"https:\/\/www.turismocampillos.com\/web\/fiestas\/feria-del-jamon\/","title":{"rendered":"Feria del Jam\u00f3n"},"content":{"rendered":"\t\t<div data-elementor-type=\"wp-page\" data-elementor-id=\"2813\" class=\"elementor elementor-2813\">\n\t\t\t\t\t\t<section class=\"elementor-section elementor-top-section elementor-element elementor-element-2839f78e elementor-section-boxed elementor-section-height-default elementor-section-height-default\" data-id=\"2839f78e\" data-element_type=\"section\" data-e-type=\"section\">\n\t\t\t\t\t\t<div class=\"elementor-container elementor-column-gap-default\">\n\t\t\t\t\t<div class=\"elementor-column elementor-col-100 elementor-top-column elementor-element elementor-element-12dead49\" data-id=\"12dead49\" data-element_type=\"column\" data-e-type=\"column\">\n\t\t\t<div class=\"elementor-widget-wrap elementor-element-populated\">\n\t\t\t\t\t\t<div class=\"elementor-element elementor-element-68a66e72 elementor-widget elementor-widget-text-editor\" data-id=\"68a66e72\" data-element_type=\"widget\" data-e-type=\"widget\" data-widget_type=\"text-editor.default\">\n\t\t\t\t<div class=\"elementor-widget-container\">\n\t\t\t\t\t\t\t\t\t\n<h2 class=\"wp-block-heading\">\u00a0 \u00a0<img fetchpriority=\"high\" decoding=\"async\" class=\"alignnone size-large wp-image-3147\" src=\"https:\/\/www.turismocampillos.com\/web\/wp-content\/uploads\/2025\/01\/arc_250206_g-1024x768.webp\" alt=\"\" width=\"1024\" height=\"768\" srcset=\"https:\/\/www.turismocampillos.com\/web\/wp-content\/uploads\/2025\/01\/arc_250206_g-1024x768.webp 1024w, https:\/\/www.turismocampillos.com\/web\/wp-content\/uploads\/2025\/01\/arc_250206_g-300x225.webp 300w, https:\/\/www.turismocampillos.com\/web\/wp-content\/uploads\/2025\/01\/arc_250206_g-768x576.webp 768w, https:\/\/www.turismocampillos.com\/web\/wp-content\/uploads\/2025\/01\/arc_250206_g-1536x1152.webp 1536w, https:\/\/www.turismocampillos.com\/web\/wp-content\/uploads\/2025\/01\/arc_250206_g.webp 1550w\" sizes=\"(max-width: 1024px) 100vw, 1024px\" \/> \u00a0Feria del Jam\u00f3n en Campillos<\/h2>\n\n<p>Es una cita gastron\u00f3mica de referencia provincial y regional y cada vez m\u00e1s conocida a nivel nacional. Estos \u00faltimos a\u00f1os la afluencia media de visitantes se ha cifrado por encima de las 15.000 personas.<\/p>\n\n<p>La Feria del Jam\u00f3n y productos derivados del cerdo fue declarada Fiesta de Singularidad Tur\u00edstica Provincial en 2010 y desde sus inicios ofrece a los miles de personas que la visitan cada a\u00f1o la posibilidad de adquirir productos derivados del cerdo de excelente calidad elaborados de forma artesanal como las morcillas, salchichones, chorizos, as\u00ed como otros alimentos tan variados como el queso, el aceite de oliva y los dulces tradicionales de la comarca. Todo ello sin menospreciar el elemento estrella del evento, el jam\u00f3n, cuyas raciones se vender\u00e1n a precios populares y que podr\u00e1 degustarse entre los <em>stands <\/em>de la feria. Cada a\u00f1o la feria tambi\u00e9n cuenta con un servicio de barra instalado por alguna hermandad del municipio.<\/p>\n\n<p>La Feria del Jam\u00f3n y productos derivados del cerdo supone un notable escaparate para Campillos y por ello el Ayuntamiento ofrece a los visitantes un atractivo paquete tur\u00edstico y sociocultural con diversas actividades dirigidas a personas de todas las edades con animaci\u00f3n y actividades para los m\u00e1s j\u00f3venes, m\u00fasica durante todo el d\u00eda y por supuesto visitas guiadas gratuitas en un tren tur\u00edstico por el municipio.<\/p>\n<div id='gallery-1' class='gallery galleryid-2813 gallery-columns-1 gallery-size-full'><figure class='gallery-item'>\n\t\t\t<div class='gallery-icon landscape'>\n\t\t\t\t<a href='https:\/\/www.turismocampillos.com\/web\/wp-content\/uploads\/2025\/01\/arc_250202_g.webp'><img decoding=\"async\" width=\"1550\" height=\"1163\" src=\"https:\/\/www.turismocampillos.com\/web\/wp-content\/uploads\/2025\/01\/arc_250202_g.webp\" class=\"attachment-full size-full\" alt=\"\" srcset=\"https:\/\/www.turismocampillos.com\/web\/wp-content\/uploads\/2025\/01\/arc_250202_g.webp 1550w, https:\/\/www.turismocampillos.com\/web\/wp-content\/uploads\/2025\/01\/arc_250202_g-300x225.webp 300w, https:\/\/www.turismocampillos.com\/web\/wp-content\/uploads\/2025\/01\/arc_250202_g-1024x768.webp 1024w, https:\/\/www.turismocampillos.com\/web\/wp-content\/uploads\/2025\/01\/arc_250202_g-768x576.webp 768w, https:\/\/www.turismocampillos.com\/web\/wp-content\/uploads\/2025\/01\/arc_250202_g-1536x1152.webp 1536w\" sizes=\"(max-width: 1550px) 100vw, 1550px\" \/><\/a>\n\t\t\t<\/div><\/figure><figure class='gallery-item'>\n\t\t\t<div class='gallery-icon landscape'>\n\t\t\t\t<a href='https:\/\/www.turismocampillos.com\/web\/wp-content\/uploads\/2025\/01\/arc_250200_g.webp'><img decoding=\"async\" width=\"1550\" height=\"1163\" src=\"https:\/\/www.turismocampillos.com\/web\/wp-content\/uploads\/2025\/01\/arc_250200_g.webp\" class=\"attachment-full size-full\" alt=\"\" srcset=\"https:\/\/www.turismocampillos.com\/web\/wp-content\/uploads\/2025\/01\/arc_250200_g.webp 1550w, https:\/\/www.turismocampillos.com\/web\/wp-content\/uploads\/2025\/01\/arc_250200_g-300x225.webp 300w, https:\/\/www.turismocampillos.com\/web\/wp-content\/uploads\/2025\/01\/arc_250200_g-1024x768.webp 1024w, https:\/\/www.turismocampillos.com\/web\/wp-content\/uploads\/2025\/01\/arc_250200_g-768x576.webp 768w, https:\/\/www.turismocampillos.com\/web\/wp-content\/uploads\/2025\/01\/arc_250200_g-1536x1152.webp 1536w\" sizes=\"(max-width: 1550px) 100vw, 1550px\" \/><\/a>\n\t\t\t<\/div><\/figure><figure class='gallery-item'>\n\t\t\t<div class='gallery-icon landscape'>\n\t\t\t\t<a href='https:\/\/www.turismocampillos.com\/web\/wp-content\/uploads\/2025\/01\/arc_250205_g.webp'><img loading=\"lazy\" decoding=\"async\" width=\"1550\" height=\"1163\" src=\"https:\/\/www.turismocampillos.com\/web\/wp-content\/uploads\/2025\/01\/arc_250205_g.webp\" class=\"attachment-full size-full\" alt=\"\" srcset=\"https:\/\/www.turismocampillos.com\/web\/wp-content\/uploads\/2025\/01\/arc_250205_g.webp 1550w, https:\/\/www.turismocampillos.com\/web\/wp-content\/uploads\/2025\/01\/arc_250205_g-300x225.webp 300w, https:\/\/www.turismocampillos.com\/web\/wp-content\/uploads\/2025\/01\/arc_250205_g-1024x768.webp 1024w, https:\/\/www.turismocampillos.com\/web\/wp-content\/uploads\/2025\/01\/arc_250205_g-768x576.webp 768w, https:\/\/www.turismocampillos.com\/web\/wp-content\/uploads\/2025\/01\/arc_250205_g-1536x1152.webp 1536w\" sizes=\"(max-width: 1550px) 100vw, 1550px\" \/><\/a>\n\t\t\t<\/div><\/figure><figure class='gallery-item'>\n\t\t\t<div class='gallery-icon landscape'>\n\t\t\t\t<a href='https:\/\/www.turismocampillos.com\/web\/wp-content\/uploads\/2025\/01\/arc_250204_g.webp'><img loading=\"lazy\" decoding=\"async\" width=\"1550\" height=\"1163\" src=\"https:\/\/www.turismocampillos.com\/web\/wp-content\/uploads\/2025\/01\/arc_250204_g.webp\" class=\"attachment-full size-full\" alt=\"\" srcset=\"https:\/\/www.turismocampillos.com\/web\/wp-content\/uploads\/2025\/01\/arc_250204_g.webp 1550w, https:\/\/www.turismocampillos.com\/web\/wp-content\/uploads\/2025\/01\/arc_250204_g-300x225.webp 300w, https:\/\/www.turismocampillos.com\/web\/wp-content\/uploads\/2025\/01\/arc_250204_g-1024x768.webp 1024w, https:\/\/www.turismocampillos.com\/web\/wp-content\/uploads\/2025\/01\/arc_250204_g-768x576.webp 768w, https:\/\/www.turismocampillos.com\/web\/wp-content\/uploads\/2025\/01\/arc_250204_g-1536x1152.webp 1536w\" sizes=\"(max-width: 1550px) 100vw, 1550px\" \/><\/a>\n\t\t\t<\/div><\/figure><figure class='gallery-item'>\n\t\t\t<div class='gallery-icon landscape'>\n\t\t\t\t<a href='https:\/\/www.turismocampillos.com\/web\/wp-content\/uploads\/2025\/01\/arc_250209_g.webp'><img loading=\"lazy\" decoding=\"async\" width=\"1550\" height=\"1163\" src=\"https:\/\/www.turismocampillos.com\/web\/wp-content\/uploads\/2025\/01\/arc_250209_g.webp\" class=\"attachment-full size-full\" alt=\"\" srcset=\"https:\/\/www.turismocampillos.com\/web\/wp-content\/uploads\/2025\/01\/arc_250209_g.webp 1550w, https:\/\/www.turismocampillos.com\/web\/wp-content\/uploads\/2025\/01\/arc_250209_g-300x225.webp 300w, https:\/\/www.turismocampillos.com\/web\/wp-content\/uploads\/2025\/01\/arc_250209_g-1024x768.webp 1024w, https:\/\/www.turismocampillos.com\/web\/wp-content\/uploads\/2025\/01\/arc_250209_g-768x576.webp 768w, https:\/\/www.turismocampillos.com\/web\/wp-content\/uploads\/2025\/01\/arc_250209_g-1536x1152.webp 1536w\" sizes=\"(max-width: 1550px) 100vw, 1550px\" \/><\/a>\n\t\t\t<\/div><\/figure><figure class='gallery-item'>\n\t\t\t<div class='gallery-icon landscape'>\n\t\t\t\t<a href='https:\/\/www.turismocampillos.com\/web\/wp-content\/uploads\/2025\/01\/arc_250208_g.webp'><img loading=\"lazy\" decoding=\"async\" width=\"1550\" height=\"1163\" src=\"https:\/\/www.turismocampillos.com\/web\/wp-content\/uploads\/2025\/01\/arc_250208_g.webp\" class=\"attachment-full size-full\" alt=\"\" srcset=\"https:\/\/www.turismocampillos.com\/web\/wp-content\/uploads\/2025\/01\/arc_250208_g.webp 1550w, https:\/\/www.turismocampillos.com\/web\/wp-content\/uploads\/2025\/01\/arc_250208_g-300x225.webp 300w, https:\/\/www.turismocampillos.com\/web\/wp-content\/uploads\/2025\/01\/arc_250208_g-1024x768.webp 1024w, https:\/\/www.turismocampillos.com\/web\/wp-content\/uploads\/2025\/01\/arc_250208_g-768x576.webp 768w, https:\/\/www.turismocampillos.com\/web\/wp-content\/uploads\/2025\/01\/arc_250208_g-1536x1152.webp 1536w\" sizes=\"(max-width: 1550px) 100vw, 1550px\" \/><\/a>\n\t\t\t<\/div><\/figure>\n\t\t<\/div>\n\n\t\t\t\t\t\t\t\t<\/div>\n\t\t\t\t<\/div>\n\t\t\t\t\t<\/div>\n\t\t<\/div>\n\t\t\t\t\t<\/div>\n\t\t<\/section>\n\t\t\t\t<\/div>\n\t\t","protected":false},"excerpt":{"rendered":"<p>\u00a0 \u00a0 \u00a0Feria del Jam\u00f3n en Campillos Es una cita gastron\u00f3mica de referencia provincial y regional y cada vez m\u00e1s conocida a nivel nacional. Estos \u00faltimos a\u00f1os la afluencia media de visitantes se ha cifrado por encima de las 15.000 personas. La Feria del Jam\u00f3n y productos derivados del cerdo fue declarada Fiesta de Singularidad [&hellip;]<\/p>\n","protected":false},"author":1,"featured_media":0,"parent":2799,"menu_order":0,"comment_status":"closed","ping_status":"closed","template":"","meta":{"site-sidebar-layout":"default","site-content-layout":"","ast-site-content-layout":"default","site-content-style":"default","site-sidebar-style":"default","ast-global-header-display":"","ast-banner-title-visibility":"","ast-main-header-display":"","ast-hfb-above-header-display":"","ast-hfb-below-header-display":"","ast-hfb-mobile-header-display":"","site-post-title":"","ast-breadcrumbs-content":"","ast-featured-img":"","footer-sml-layout":"","ast-disable-related-posts":"","theme-transparent-header-meta":"","adv-header-id-meta":"","stick-header-meta":"","header-above-stick-meta":"","header-main-stick-meta":"","header-below-stick-meta":"","astra-migrate-meta-layouts":"default","ast-page-background-enabled":"default","ast-page-background-meta":{"desktop":{"background-color":"var(--ast-global-color-4)","background-image":"","background-repeat":"repeat","background-position":"center center","background-size":"auto","background-attachment":"scroll","background-type":"","background-media":"","overlay-type":"","overlay-color":"","overlay-opacity":"","overlay-gradient":""},"tablet":{"background-color":"","background-image":"","background-repeat":"repeat","background-position":"center center","background-size":"auto","background-attachment":"scroll","background-type":"","background-media":"","overlay-type":"","overlay-color":"","overlay-opacity":"","overlay-gradient":""},"mobile":{"background-color":"","background-image":"","background-repeat":"repeat","background-position":"center center","background-size":"auto","background-attachment":"scroll","background-type":"","background-media":"","overlay-type":"","overlay-color":"","overlay-opacity":"","overlay-gradient":""}},"ast-content-background-meta":{"desktop":{"background-color":"var(--ast-global-color-5)","background-image":"","background-repeat":"repeat","background-position":"center center","background-size":"auto","background-attachment":"scroll","background-type":"","background-media":"","overlay-type":"","overlay-color":"","overlay-opacity":"","overlay-gradient":""},"tablet":{"background-color":"var(--ast-global-color-5)","background-image":"","background-repeat":"repeat","background-position":"center center","background-size":"auto","background-attachment":"scroll","background-type":"","background-media":"","overlay-type":"","overlay-color":"","overlay-opacity":"","overlay-gradient":""},"mobile":{"background-color":"var(--ast-global-color-5)","background-image":"","background-repeat":"repeat","background-position":"center center","background-size":"auto","background-attachment":"scroll","background-type":"","background-media":"","overlay-type":"","overlay-color":"","overlay-opacity":"","overlay-gradient":""}},"footnotes":""},"class_list":["post-2813","page","type-page","status-publish","hentry"],"_links":{"self":[{"href":"https:\/\/www.turismocampillos.com\/web\/wp-json\/wp\/v2\/pages\/2813","targetHints":{"allow":["GET"]}}],"collection":[{"href":"https:\/\/www.turismocampillos.com\/web\/wp-json\/wp\/v2\/pages"}],"about":[{"href":"https:\/\/www.turismocampillos.com\/web\/wp-json\/wp\/v2\/types\/page"}],"author":[{"embeddable":true,"href":"https:\/\/www.turismocampillos.com\/web\/wp-json\/wp\/v2\/users\/1"}],"replies":[{"embeddable":true,"href":"https:\/\/www.turismocampillos.com\/web\/wp-json\/wp\/v2\/comments?post=2813"}],"version-history":[{"count":0,"href":"https:\/\/www.turismocampillos.com\/web\/wp-json\/wp\/v2\/pages\/2813\/revisions"}],"up":[{"embeddable":true,"href":"https:\/\/www.turismocampillos.com\/web\/wp-json\/wp\/v2\/pages\/2799"}],"wp:attachment":[{"href":"https:\/\/www.turismocampillos.com\/web\/wp-json\/wp\/v2\/media?parent=2813"}],"curies":[{"name":"wp","href":"https:\/\/api.w.org\/{rel}","templated":true}]}}