{"id":2826,"date":"2022-08-12T13:22:20","date_gmt":"2022-08-12T11:22:20","guid":{"rendered":"https:\/\/www.turismocampillos.com\/web\/?page_id=2826"},"modified":"2025-05-14T12:52:41","modified_gmt":"2025-05-14T10:52:41","slug":"rutas-de-turismo-activo","status":"publish","type":"page","link":"https:\/\/www.turismocampillos.com\/web\/turismo-campillos\/turismo-activo\/rutas-de-turismo-activo\/","title":{"rendered":"Rutas de Turismo Activo"},"content":{"rendered":"\t\t<div data-elementor-type=\"wp-page\" data-elementor-id=\"2826\" class=\"elementor elementor-2826\">\n\t\t\t\t\t\t<section class=\"elementor-section elementor-top-section elementor-element elementor-element-7f9c43bc elementor-section-boxed elementor-section-height-default elementor-section-height-default\" data-id=\"7f9c43bc\" data-element_type=\"section\" data-e-type=\"section\">\n\t\t\t\t\t\t<div class=\"elementor-container elementor-column-gap-default\">\n\t\t\t\t\t<div class=\"elementor-column elementor-col-100 elementor-top-column elementor-element elementor-element-7b703e5e\" data-id=\"7b703e5e\" data-element_type=\"column\" data-e-type=\"column\">\n\t\t\t<div class=\"elementor-widget-wrap elementor-element-populated\">\n\t\t\t\t\t\t<div class=\"elementor-element elementor-element-280e1df8 elementor-widget elementor-widget-text-editor\" data-id=\"280e1df8\" data-element_type=\"widget\" data-e-type=\"widget\" data-widget_type=\"text-editor.default\">\n\t\t\t\t<div class=\"elementor-widget-container\">\n\t\t\t\t\t\t\t\t\t\n<p><img fetchpriority=\"high\" decoding=\"async\" class=\"aligncenter size-large wp-image-3476\" src=\"https:\/\/www.turismocampillos.com\/web\/wp-content\/uploads\/2025\/05\/WhatsApp-Image-2025-05-14-at-12.38.20-1-768x1024.jpeg\" alt=\"\" width=\"768\" height=\"1024\" srcset=\"https:\/\/www.turismocampillos.com\/web\/wp-content\/uploads\/2025\/05\/WhatsApp-Image-2025-05-14-at-12.38.20-1-768x1024.jpeg 768w, https:\/\/www.turismocampillos.com\/web\/wp-content\/uploads\/2025\/05\/WhatsApp-Image-2025-05-14-at-12.38.20-1-225x300.jpeg 225w, https:\/\/www.turismocampillos.com\/web\/wp-content\/uploads\/2025\/05\/WhatsApp-Image-2025-05-14-at-12.38.20-1-300x400.jpeg 300w, https:\/\/www.turismocampillos.com\/web\/wp-content\/uploads\/2025\/05\/WhatsApp-Image-2025-05-14-at-12.38.20-1-1152x1536.jpeg 1152w, https:\/\/www.turismocampillos.com\/web\/wp-content\/uploads\/2025\/05\/WhatsApp-Image-2025-05-14-at-12.38.20-1.jpeg 1200w\" sizes=\"(max-width: 768px) 100vw, 768px\" \/><\/p>\n<p>Campillos ofrece al visitante una amplia red de senderos que transcurren por la Reserva Natural de Las Lagunas de Campillos, o bien por el conjunto funerario de \u00abLas Aguilillas\u00bb que nos acercar\u00e1n a tiempos remotos de nuestra prehistoria. La situaci\u00f3n de Campillos rodeado de grandes llanuras de cultivos, humedales, y las sierras como la de Pe\u00f1arrubia o Sierra Huma ofrecen una gran variedad de paisajes, ecosistemas y colores que sorprenden al visitante.<\/p>\n\n<p>.<\/p>\n\n<p>Las mejores propuestas son:<\/p>\n\n<p><a href=\"https:\/\/www.turismocampillos.com\/web\/actividades\/caminito-del-rey\/\" data-type=\"page\" data-id=\"208\">-CAMINITO DEL REY <\/a><\/p>\n\n<p><a href=\"https:\/\/www.turismocampillos.com\/web\/ruta-necropolis-de-las-aguilillas\/\" data-type=\"post\" data-id=\"3091\">-RUTA DE LA NECR\u00d3POLIS DE LAS AGUILILLAS<\/a><\/p>\n\n<p><a href=\"https:\/\/www.turismocampillos.com\/web\/turismo-campillos\/turismo-activo\/rutas\/rutas-por-lagunas\/\" data-type=\"page\" data-id=\"990\">-RUTAS DE LAS LAGUNAS DE CAMPILLOS<\/a><\/p>\n\n<p><a href=\"https:\/\/www.turismocampillos.com\/web\/turismo-campillos\/turismo-activo\/rutas\/gran-senda-de-malaga\/\" data-type=\"page\" data-id=\"620\">-RUTA DE LA GRAN SENDA DE M\u00c1LAGA<\/a><\/p>\n\n<p><a href=\"https:\/\/www.turismocampillos.com\/web\/turismo-campillos\/turismo-activo\/rutas\/ruta-de-los-parques-eolicos\/\" data-type=\"page\" data-id=\"204\">-RUTA DE LOS PARQUES E\u00d3LICOS<\/a><\/p>\n\n<p>\u00a0<\/p>\n\t\t\t\t\t\t\t\t<\/div>\n\t\t\t\t<\/div>\n\t\t\t\t\t<\/div>\n\t\t<\/div>\n\t\t\t\t\t<\/div>\n\t\t<\/section>\n\t\t\t\t<\/div>\n\t\t","protected":false},"excerpt":{"rendered":"<p>Campillos ofrece al visitante una amplia red de senderos que transcurren por la Reserva Natural de Las Lagunas de Campillos, o bien por el conjunto funerario de \u00abLas Aguilillas\u00bb que nos acercar\u00e1n a tiempos remotos de nuestra prehistoria. La situaci\u00f3n de Campillos rodeado de grandes llanuras de cultivos, humedales, y las sierras como la de [&hellip;]<\/p>\n","protected":false},"author":1,"featured_media":0,"parent":2765,"menu_order":0,"comment_status":"closed","ping_status":"closed","template":"","meta":{"site-sidebar-layout":"default","site-content-layout":"","ast-site-content-layout":"default","site-content-style":"default","site-sidebar-style":"default","ast-global-header-display":"","ast-banner-title-visibility":"","ast-main-header-display":"","ast-hfb-above-header-display":"","ast-hfb-below-header-display":"","ast-hfb-mobile-header-display":"","site-post-title":"","ast-breadcrumbs-content":"","ast-featured-img":"","footer-sml-layout":"","ast-disable-related-posts":"","theme-transparent-header-meta":"","adv-header-id-meta":"","stick-header-meta":"","header-above-stick-meta":"","header-main-stick-meta":"","header-below-stick-meta":"","astra-migrate-meta-layouts":"set","ast-page-background-enabled":"default","ast-page-background-meta":{"desktop":{"background-color":"var(--ast-global-color-4)","background-image":"","background-repeat":"repeat","background-position":"center center","background-size":"auto","background-attachment":"scroll","background-type":"","background-media":"","overlay-type":"","overlay-color":"","overlay-opacity":"","overlay-gradient":""},"tablet":{"background-color":"","background-image":"","background-repeat":"repeat","background-position":"center center","background-size":"auto","background-attachment":"scroll","background-type":"","background-media":"","overlay-type":"","overlay-color":"","overlay-opacity":"","overlay-gradient":""},"mobile":{"background-color":"","background-image":"","background-repeat":"repeat","background-position":"center center","background-size":"auto","background-attachment":"scroll","background-type":"","background-media":"","overlay-type":"","overlay-color":"","overlay-opacity":"","overlay-gradient":""}},"ast-content-background-meta":{"desktop":{"background-color":"var(--ast-global-color-5)","background-image":"","background-repeat":"repeat","background-position":"center center","background-size":"auto","background-attachment":"scroll","background-type":"","background-media":"","overlay-type":"","overlay-color":"","overlay-opacity":"","overlay-gradient":""},"tablet":{"background-color":"var(--ast-global-color-5)","background-image":"","background-repeat":"repeat","background-position":"center center","background-size":"auto","background-attachment":"scroll","background-type":"","background-media":"","overlay-type":"","overlay-color":"","overlay-opacity":"","overlay-gradient":""},"mobile":{"background-color":"var(--ast-global-color-5)","background-image":"","background-repeat":"repeat","background-position":"center center","background-size":"auto","background-attachment":"scroll","background-type":"","background-media":"","overlay-type":"","overlay-color":"","overlay-opacity":"","overlay-gradient":""}},"footnotes":""},"class_list":["post-2826","page","type-page","status-publish","hentry"],"_links":{"self":[{"href":"https:\/\/www.turismocampillos.com\/web\/wp-json\/wp\/v2\/pages\/2826","targetHints":{"allow":["GET"]}}],"collection":[{"href":"https:\/\/www.turismocampillos.com\/web\/wp-json\/wp\/v2\/pages"}],"about":[{"href":"https:\/\/www.turismocampillos.com\/web\/wp-json\/wp\/v2\/types\/page"}],"author":[{"embeddable":true,"href":"https:\/\/www.turismocampillos.com\/web\/wp-json\/wp\/v2\/users\/1"}],"replies":[{"embeddable":true,"href":"https:\/\/www.turismocampillos.com\/web\/wp-json\/wp\/v2\/comments?post=2826"}],"version-history":[{"count":0,"href":"https:\/\/www.turismocampillos.com\/web\/wp-json\/wp\/v2\/pages\/2826\/revisions"}],"up":[{"embeddable":true,"href":"https:\/\/www.turismocampillos.com\/web\/wp-json\/wp\/v2\/pages\/2765"}],"wp:attachment":[{"href":"https:\/\/www.turismocampillos.com\/web\/wp-json\/wp\/v2\/media?parent=2826"}],"curies":[{"name":"wp","href":"https:\/\/api.w.org\/{rel}","templated":true}]}}