{"id":3362,"date":"2025-03-28T13:57:36","date_gmt":"2025-03-28T12:57:36","guid":{"rendered":"https:\/\/www.turismocampillos.com\/web\/?page_id=3362"},"modified":"2025-03-31T12:24:59","modified_gmt":"2025-03-31T10:24:59","slug":"miercoles-santo-el-nino-chiquito","status":"publish","type":"page","link":"https:\/\/www.turismocampillos.com\/web\/miercoles-santo-el-nino-chiquito\/","title":{"rendered":"MI\u00c9RCOLES SANTO \u00abEL NI\u00d1O CHIQUITO\u00bb"},"content":{"rendered":"\t\t<div data-elementor-type=\"wp-page\" data-elementor-id=\"3362\" class=\"elementor elementor-3362\">\n\t\t\t\t\t\t<section class=\"elementor-section elementor-top-section elementor-element elementor-element-623bf1aa elementor-section-boxed elementor-section-height-default elementor-section-height-default\" data-id=\"623bf1aa\" data-element_type=\"section\" data-e-type=\"section\">\n\t\t\t\t\t\t<div class=\"elementor-container elementor-column-gap-default\">\n\t\t\t\t\t<div class=\"elementor-column elementor-col-100 elementor-top-column elementor-element elementor-element-6102f6f1\" data-id=\"6102f6f1\" data-element_type=\"column\" data-e-type=\"column\">\n\t\t\t<div class=\"elementor-widget-wrap elementor-element-populated\">\n\t\t\t\t\t\t<div class=\"elementor-element elementor-element-5d33106e elementor-widget elementor-widget-text-editor\" data-id=\"5d33106e\" data-element_type=\"widget\" data-e-type=\"widget\" data-widget_type=\"text-editor.default\">\n\t\t\t\t<div class=\"elementor-widget-container\">\n\t\t\t\t\t\t\t\t\t\n<p><span style=\"color: #800000;\"><strong>VENERABLE COFRAD\u00cdA DEL DULCE NOMBRE DE JES\u00daS Y MAR\u00cdA SANT\u00cdSIMA DEL SOCORRO<\/strong><\/span><\/p>\n\n<p>El Mi\u00e9rcoles Santo, al caer la tarde, el conocido cari\u00f1osamente como \u2018Ni\u00f1o Chiquito\u2019 y su madre del Socorro, presiden esta estaci\u00f3n de penitencia. Es una de las m\u00e1s conocidas por la peculiar imagen del Cristo en forma de ni\u00f1o.<\/p>\n\n<p>Una de las caracter\u00edsticas de esta cofrad\u00eda es el saluda en las diferentes Casas Hermandad e iglesia, enfrentando las im\u00e1genes como gesto de reverencia al son de una marcha. Uno de los momentos m\u00e1s especiales es su encierro, en el que se efect\u00faa un encuentro entre las dos im\u00e1genes bajo los compases de la marcha \u2018Costalero\u2019 mientras sus sayones cantan a la vez que mecen y levantan a pulso las im\u00e1genes. La Virgen del Socorro es encerrada a hombros bajo una petalada realizada por hermanos de la cofrad\u00eda.<\/p>\n\n<p>La imagen del Dulce Nombre de Jes\u00fas es la m\u00e1s antigua de la Semana Santa campillera. Data del siglo XVII-XVIII y su autor\u00eda es an\u00f3nima. La imagen mariana es de 1948 y fue obra de Rafael Barbero.<\/p>\n\n<figure class=\"wp-block-image size-large is-resized\"><img fetchpriority=\"high\" decoding=\"async\" width=\"724\" height=\"1024\" class=\"wp-image-3363\" style=\"width: 642px; height: auto;\" src=\"https:\/\/www.turismocampillos.com\/web\/wp-content\/uploads\/2025\/03\/14-1-724x1024.jpg\" alt=\"\" srcset=\"https:\/\/www.turismocampillos.com\/web\/wp-content\/uploads\/2025\/03\/14-1-724x1024.jpg 724w, https:\/\/www.turismocampillos.com\/web\/wp-content\/uploads\/2025\/03\/14-1-212x300.jpg 212w, https:\/\/www.turismocampillos.com\/web\/wp-content\/uploads\/2025\/03\/14-1-768x1086.jpg 768w, https:\/\/www.turismocampillos.com\/web\/wp-content\/uploads\/2025\/03\/14-1-1086x1536.jpg 1086w, https:\/\/www.turismocampillos.com\/web\/wp-content\/uploads\/2025\/03\/14-1-1448x2048.jpg 1448w, https:\/\/www.turismocampillos.com\/web\/wp-content\/uploads\/2025\/03\/14-1-scaled.jpg 1810w\" sizes=\"(max-width: 724px) 100vw, 724px\" \/><\/figure>\n\n<p>\u00a0<\/p>\n\t\t\t\t\t\t\t\t<\/div>\n\t\t\t\t<\/div>\n\t\t\t\t\t<\/div>\n\t\t<\/div>\n\t\t\t\t\t<\/div>\n\t\t<\/section>\n\t\t\t\t<\/div>\n\t\t","protected":false},"excerpt":{"rendered":"<p>VENERABLE COFRAD\u00cdA DEL DULCE NOMBRE DE JES\u00daS Y MAR\u00cdA SANT\u00cdSIMA DEL SOCORRO El Mi\u00e9rcoles Santo, al caer la tarde, el conocido cari\u00f1osamente como \u2018Ni\u00f1o Chiquito\u2019 y su madre del Socorro, presiden esta estaci\u00f3n de penitencia. Es una de las m\u00e1s conocidas por la peculiar imagen del Cristo en forma de ni\u00f1o. Una de las caracter\u00edsticas [&hellip;]<\/p>\n","protected":false},"author":2,"featured_media":0,"parent":0,"menu_order":0,"comment_status":"closed","ping_status":"closed","template":"","meta":{"site-sidebar-layout":"default","site-content-layout":"","ast-site-content-layout":"default","site-content-style":"default","site-sidebar-style":"default","ast-global-header-display":"","ast-banner-title-visibility":"","ast-main-header-display":"","ast-hfb-above-header-display":"","ast-hfb-below-header-display":"","ast-hfb-mobile-header-display":"","site-post-title":"","ast-breadcrumbs-content":"","ast-featured-img":"","footer-sml-layout":"","ast-disable-related-posts":"","theme-transparent-header-meta":"","adv-header-id-meta":"","stick-header-meta":"","header-above-stick-meta":"","header-main-stick-meta":"","header-below-stick-meta":"","astra-migrate-meta-layouts":"set","ast-page-background-enabled":"default","ast-page-background-meta":{"desktop":{"background-color":"var(--ast-global-color-4)","background-image":"","background-repeat":"repeat","background-position":"center center","background-size":"auto","background-attachment":"scroll","background-type":"","background-media":"","overlay-type":"","overlay-color":"","overlay-opacity":"","overlay-gradient":""},"tablet":{"background-color":"","background-image":"","background-repeat":"repeat","background-position":"center center","background-size":"auto","background-attachment":"scroll","background-type":"","background-media":"","overlay-type":"","overlay-color":"","overlay-opacity":"","overlay-gradient":""},"mobile":{"background-color":"","background-image":"","background-repeat":"repeat","background-position":"center center","background-size":"auto","background-attachment":"scroll","background-type":"","background-media":"","overlay-type":"","overlay-color":"","overlay-opacity":"","overlay-gradient":""}},"ast-content-background-meta":{"desktop":{"background-color":"var(--ast-global-color-5)","background-image":"","background-repeat":"repeat","background-position":"center center","background-size":"auto","background-attachment":"scroll","background-type":"","background-media":"","overlay-type":"","overlay-color":"","overlay-opacity":"","overlay-gradient":""},"tablet":{"background-color":"var(--ast-global-color-5)","background-image":"","background-repeat":"repeat","background-position":"center center","background-size":"auto","background-attachment":"scroll","background-type":"","background-media":"","overlay-type":"","overlay-color":"","overlay-opacity":"","overlay-gradient":""},"mobile":{"background-color":"var(--ast-global-color-5)","background-image":"","background-repeat":"repeat","background-position":"center center","background-size":"auto","background-attachment":"scroll","background-type":"","background-media":"","overlay-type":"","overlay-color":"","overlay-opacity":"","overlay-gradient":""}},"footnotes":""},"class_list":["post-3362","page","type-page","status-publish","hentry"],"_links":{"self":[{"href":"https:\/\/www.turismocampillos.com\/web\/wp-json\/wp\/v2\/pages\/3362","targetHints":{"allow":["GET"]}}],"collection":[{"href":"https:\/\/www.turismocampillos.com\/web\/wp-json\/wp\/v2\/pages"}],"about":[{"href":"https:\/\/www.turismocampillos.com\/web\/wp-json\/wp\/v2\/types\/page"}],"author":[{"embeddable":true,"href":"https:\/\/www.turismocampillos.com\/web\/wp-json\/wp\/v2\/users\/2"}],"replies":[{"embeddable":true,"href":"https:\/\/www.turismocampillos.com\/web\/wp-json\/wp\/v2\/comments?post=3362"}],"version-history":[{"count":0,"href":"https:\/\/www.turismocampillos.com\/web\/wp-json\/wp\/v2\/pages\/3362\/revisions"}],"wp:attachment":[{"href":"https:\/\/www.turismocampillos.com\/web\/wp-json\/wp\/v2\/media?parent=3362"}],"curies":[{"name":"wp","href":"https:\/\/api.w.org\/{rel}","templated":true}]}}