{"id":3365,"date":"2025-03-28T14:11:09","date_gmt":"2025-03-28T13:11:09","guid":{"rendered":"https:\/\/www.turismocampillos.com\/web\/?page_id=3365"},"modified":"2025-04-01T13:29:17","modified_gmt":"2025-04-01T11:29:17","slug":"viernes-santo-manana-de-jesus","status":"publish","type":"page","link":"https:\/\/www.turismocampillos.com\/web\/viernes-santo-manana-de-jesus\/","title":{"rendered":"VIERNES SANTO \u00abMA\u00d1ANA DE JES\u00daS\u00bb"},"content":{"rendered":"\t\t<div data-elementor-type=\"wp-page\" data-elementor-id=\"3365\" class=\"elementor elementor-3365\">\n\t\t\t\t\t\t<section class=\"elementor-section elementor-top-section elementor-element elementor-element-6626147d elementor-section-boxed elementor-section-height-default elementor-section-height-default\" data-id=\"6626147d\" data-element_type=\"section\" data-e-type=\"section\">\n\t\t\t\t\t\t<div class=\"elementor-container elementor-column-gap-default\">\n\t\t\t\t\t<div class=\"elementor-column elementor-col-100 elementor-top-column elementor-element elementor-element-54f3863e\" data-id=\"54f3863e\" data-element_type=\"column\" data-e-type=\"column\">\n\t\t\t<div class=\"elementor-widget-wrap elementor-element-populated\">\n\t\t\t\t\t\t<div class=\"elementor-element elementor-element-31861272 elementor-widget elementor-widget-text-editor\" data-id=\"31861272\" data-element_type=\"widget\" data-e-type=\"widget\" data-widget_type=\"text-editor.default\">\n\t\t\t\t<div class=\"elementor-widget-container\">\n\t\t\t\t\t\t\t\t\t<p><strong><span style=\"color: #800080;\">REAL, VENERABLE Y MUY ANTIGUA HERMANDAD Y COFRAD\u00cdA DE NUESTRO PADRE JES\u00daS NAZARENO DE LA MISERICORDIA Y MAR\u00cdA SANT\u00cdSIMA DE LAS L\u00c1GRIMAS.<\/span><\/strong><\/p>\n<p><!-- \/wp:paragraph --><\/p>\t\t\t\t\t\t\t\t<\/div>\n\t\t\t\t<\/div>\n\t\t\t\t<div class=\"elementor-element elementor-element-42ee603 elementor-widget elementor-widget-text-editor\" data-id=\"42ee603\" data-element_type=\"widget\" data-e-type=\"widget\" data-widget_type=\"text-editor.default\">\n\t\t\t\t<div class=\"elementor-widget-container\">\n\t\t\t\t\t\t\t\t\t<p>Los romanos de Jes\u00fas inician este d\u00eda recorriendo al amanecer las calles de Campillos. La salida de esta procesi\u00f3n es digna de ver ya que realizan un peque\u00f1o di\u00e1logo entre romanos y portadores que dice:<\/p><p>R: \u201c\u00bfVive aqu\u00ed Jes\u00fas de Nazaret?\u201d<\/p><p>P: \u201c\u00a1S\u00ed, aqu\u00ed vive!\u201d<\/p><p>R: \u201c\u00a1Abrid la puerta, que venimos a prenderlo!\u201d<\/p><p>As\u00ed da comienzo el Viernes Santo. Pero esto no acaba aqu\u00ed, ya que es la \u00fanica hermandadque pasa por dentro del templo parroquial para pedir la venia al cura p\u00e1rroco.<\/p><p>En el a\u00f1o 1936, el imaginero Jos\u00e9 Navas-Parejo realiz\u00f3 la talla de Jes\u00fas Nazareno de la Misericordia y la Virgen de la L\u00e1grimas fue obra de Castillo Lastrucci en el a\u00f1o 1940.<\/p><p>\u00a0<\/p>\t\t\t\t\t\t\t\t<\/div>\n\t\t\t\t<\/div>\n\t\t\t\t\t<\/div>\n\t\t<\/div>\n\t\t\t\t\t<\/div>\n\t\t<\/section>\n\t\t\t\t<\/div>\n\t\t","protected":false},"excerpt":{"rendered":"<p>REAL, VENERABLE Y MUY ANTIGUA HERMANDAD Y COFRAD\u00cdA DE NUESTRO PADRE JES\u00daS NAZARENO DE LA MISERICORDIA Y MAR\u00cdA SANT\u00cdSIMA DE LAS L\u00c1GRIMAS. Los romanos de Jes\u00fas inician este d\u00eda recorriendo al amanecer las calles de Campillos. La salida de esta procesi\u00f3n es digna de ver ya que realizan un peque\u00f1o di\u00e1logo entre romanos y portadores [&hellip;]<\/p>\n","protected":false},"author":2,"featured_media":0,"parent":0,"menu_order":0,"comment_status":"closed","ping_status":"closed","template":"","meta":{"site-sidebar-layout":"default","site-content-layout":"","ast-site-content-layout":"default","site-content-style":"default","site-sidebar-style":"default","ast-global-header-display":"","ast-banner-title-visibility":"","ast-main-header-display":"","ast-hfb-above-header-display":"","ast-hfb-below-header-display":"","ast-hfb-mobile-header-display":"","site-post-title":"","ast-breadcrumbs-content":"","ast-featured-img":"","footer-sml-layout":"","ast-disable-related-posts":"","theme-transparent-header-meta":"","adv-header-id-meta":"","stick-header-meta":"","header-above-stick-meta":"","header-main-stick-meta":"","header-below-stick-meta":"","astra-migrate-meta-layouts":"default","ast-page-background-enabled":"default","ast-page-background-meta":{"desktop":{"background-color":"var(--ast-global-color-4)","background-image":"","background-repeat":"repeat","background-position":"center center","background-size":"auto","background-attachment":"scroll","background-type":"","background-media":"","overlay-type":"","overlay-color":"","overlay-opacity":"","overlay-gradient":""},"tablet":{"background-color":"","background-image":"","background-repeat":"repeat","background-position":"center center","background-size":"auto","background-attachment":"scroll","background-type":"","background-media":"","overlay-type":"","overlay-color":"","overlay-opacity":"","overlay-gradient":""},"mobile":{"background-color":"","background-image":"","background-repeat":"repeat","background-position":"center center","background-size":"auto","background-attachment":"scroll","background-type":"","background-media":"","overlay-type":"","overlay-color":"","overlay-opacity":"","overlay-gradient":""}},"ast-content-background-meta":{"desktop":{"background-color":"var(--ast-global-color-5)","background-image":"","background-repeat":"repeat","background-position":"center center","background-size":"auto","background-attachment":"scroll","background-type":"","background-media":"","overlay-type":"","overlay-color":"","overlay-opacity":"","overlay-gradient":""},"tablet":{"background-color":"var(--ast-global-color-5)","background-image":"","background-repeat":"repeat","background-position":"center center","background-size":"auto","background-attachment":"scroll","background-type":"","background-media":"","overlay-type":"","overlay-color":"","overlay-opacity":"","overlay-gradient":""},"mobile":{"background-color":"var(--ast-global-color-5)","background-image":"","background-repeat":"repeat","background-position":"center center","background-size":"auto","background-attachment":"scroll","background-type":"","background-media":"","overlay-type":"","overlay-color":"","overlay-opacity":"","overlay-gradient":""}},"footnotes":""},"class_list":["post-3365","page","type-page","status-publish","hentry"],"_links":{"self":[{"href":"https:\/\/www.turismocampillos.com\/web\/wp-json\/wp\/v2\/pages\/3365","targetHints":{"allow":["GET"]}}],"collection":[{"href":"https:\/\/www.turismocampillos.com\/web\/wp-json\/wp\/v2\/pages"}],"about":[{"href":"https:\/\/www.turismocampillos.com\/web\/wp-json\/wp\/v2\/types\/page"}],"author":[{"embeddable":true,"href":"https:\/\/www.turismocampillos.com\/web\/wp-json\/wp\/v2\/users\/2"}],"replies":[{"embeddable":true,"href":"https:\/\/www.turismocampillos.com\/web\/wp-json\/wp\/v2\/comments?post=3365"}],"version-history":[{"count":0,"href":"https:\/\/www.turismocampillos.com\/web\/wp-json\/wp\/v2\/pages\/3365\/revisions"}],"wp:attachment":[{"href":"https:\/\/www.turismocampillos.com\/web\/wp-json\/wp\/v2\/media?parent=3365"}],"curies":[{"name":"wp","href":"https:\/\/api.w.org\/{rel}","templated":true}]}}