{"id":5,"date":"2016-09-12T13:16:06","date_gmt":"2016-09-12T11:16:06","guid":{"rendered":"http:\/\/www.turismocampillos.com\/web\/?page_id=5"},"modified":"2018-01-17T12:13:20","modified_gmt":"2018-01-17T11:13:20","slug":"conoce-campillos","status":"publish","type":"page","link":"https:\/\/www.turismocampillos.com\/web\/conoce-campillos\/","title":{"rendered":"Conoce Campillos"},"content":{"rendered":"<p><strong><img fetchpriority=\"high\" decoding=\"async\" class=\"alignright wp-image-1055\" src=\"https:\/\/www.turismocampillos.com\/web\/wp-content\/uploads\/2017\/05\/Ayuntamiento-e1510060041949.jpg\" alt=\"\" width=\"600\" height=\"400\" \/>Datos geogr\u00e1ficos del municipio<\/strong><\/p>\n<ul>\n<li>Latitud: 37\u00ba 03\u2019<\/li>\n<li>Longitud:- 4\u00ba 51\u2019<\/li>\n<li>Extensi\u00f3n superficial: 188 km\u00b2<\/li>\n<li>Altitud sobre el nivel del mar: 540 m.<\/li>\n<\/ul>\n<p>&nbsp;<\/p>\n<p><strong>Clima<\/strong><\/p>\n<p><strong>Temperatura<\/strong><\/p>\n<ul>\n<li>Temperatura media: 15 \u00baC<\/li>\n<li>Horas de sol al a\u00f1o: 2700 horas\/a\u00f1o<\/li>\n<\/ul>\n<p><strong>Precipitaciones<\/strong><\/p>\n<ul>\n<li>Precipitaciones: 510 l\/m\u00b2<\/li>\n<\/ul>\n<p>&nbsp;<\/p>\n<p><strong>Poblaci\u00f3n<\/strong><br \/>\nLos siguientes datos de poblaci\u00f3n corresponden al a\u00f1o 2016:<\/p>\n<ul>\n<li>Gentilicio: Campilleros<\/li>\n<li>Poblaci\u00f3n total: 8.511<\/li>\n<li>Poblaci\u00f3n Espa\u00f1ola: 96,42%<\/li>\n<li>Poblaci\u00f3n Extranjera: 3,58%<\/li>\n<li>Poblaci\u00f3n Extranjera Principal: Reino Unido<\/li>\n<li>Nacimiento (2015): 60<\/li>\n<li>Defunciones (2015): 76<\/li>\n<\/ul>\n<p>Distribuci\u00f3n de poblaci\u00f3n del municipio por sexo:<\/p>\n<ul>\n<li>Hombres: 4.268 personas<\/li>\n<li>Mujeres: 4.243 personas<\/li>\n<\/ul>\n","protected":false},"excerpt":{"rendered":"<p>Datos geogr\u00e1ficos del municipio Latitud: 37\u00ba 03\u2019 Longitud:- 4\u00ba 51\u2019 Extensi\u00f3n superficial: 188 km\u00b2 Altitud sobre el nivel del mar: 540 m. &nbsp; Clima Temperatura Temperatura media: 15 \u00baC Horas de sol al a\u00f1o: 2700 horas\/a\u00f1o Precipitaciones Precipitaciones: 510 l\/m\u00b2 &nbsp; Poblaci\u00f3n Los siguientes datos de poblaci\u00f3n corresponden al a\u00f1o 2016: Gentilicio: Campilleros Poblaci\u00f3n total: [&hellip;]<\/p>\n","protected":false},"author":1,"featured_media":0,"parent":0,"menu_order":0,"comment_status":"closed","ping_status":"closed","template":"","meta":{"site-sidebar-layout":"default","site-content-layout":"","ast-site-content-layout":"default","site-content-style":"default","site-sidebar-style":"default","ast-global-header-display":"","ast-banner-title-visibility":"","ast-main-header-display":"","ast-hfb-above-header-display":"","ast-hfb-below-header-display":"","ast-hfb-mobile-header-display":"","site-post-title":"","ast-breadcrumbs-content":"","ast-featured-img":"","footer-sml-layout":"","ast-disable-related-posts":"","theme-transparent-header-meta":"","adv-header-id-meta":"","stick-header-meta":"","header-above-stick-meta":"","header-main-stick-meta":"","header-below-stick-meta":"","astra-migrate-meta-layouts":"default","ast-page-background-enabled":"default","ast-page-background-meta":{"desktop":{"background-color":"var(--ast-global-color-4)","background-image":"","background-repeat":"repeat","background-position":"center center","background-size":"auto","background-attachment":"scroll","background-type":"","background-media":"","overlay-type":"","overlay-color":"","overlay-opacity":"","overlay-gradient":""},"tablet":{"background-color":"","background-image":"","background-repeat":"repeat","background-position":"center center","background-size":"auto","background-attachment":"scroll","background-type":"","background-media":"","overlay-type":"","overlay-color":"","overlay-opacity":"","overlay-gradient":""},"mobile":{"background-color":"","background-image":"","background-repeat":"repeat","background-position":"center center","background-size":"auto","background-attachment":"scroll","background-type":"","background-media":"","overlay-type":"","overlay-color":"","overlay-opacity":"","overlay-gradient":""}},"ast-content-background-meta":{"desktop":{"background-color":"var(--ast-global-color-5)","background-image":"","background-repeat":"repeat","background-position":"center center","background-size":"auto","background-attachment":"scroll","background-type":"","background-media":"","overlay-type":"","overlay-color":"","overlay-opacity":"","overlay-gradient":""},"tablet":{"background-color":"var(--ast-global-color-5)","background-image":"","background-repeat":"repeat","background-position":"center center","background-size":"auto","background-attachment":"scroll","background-type":"","background-media":"","overlay-type":"","overlay-color":"","overlay-opacity":"","overlay-gradient":""},"mobile":{"background-color":"var(--ast-global-color-5)","background-image":"","background-repeat":"repeat","background-position":"center center","background-size":"auto","background-attachment":"scroll","background-type":"","background-media":"","overlay-type":"","overlay-color":"","overlay-opacity":"","overlay-gradient":""}},"footnotes":""},"class_list":["post-5","page","type-page","status-publish","hentry"],"_links":{"self":[{"href":"https:\/\/www.turismocampillos.com\/web\/wp-json\/wp\/v2\/pages\/5","targetHints":{"allow":["GET"]}}],"collection":[{"href":"https:\/\/www.turismocampillos.com\/web\/wp-json\/wp\/v2\/pages"}],"about":[{"href":"https:\/\/www.turismocampillos.com\/web\/wp-json\/wp\/v2\/types\/page"}],"author":[{"embeddable":true,"href":"https:\/\/www.turismocampillos.com\/web\/wp-json\/wp\/v2\/users\/1"}],"replies":[{"embeddable":true,"href":"https:\/\/www.turismocampillos.com\/web\/wp-json\/wp\/v2\/comments?post=5"}],"version-history":[{"count":0,"href":"https:\/\/www.turismocampillos.com\/web\/wp-json\/wp\/v2\/pages\/5\/revisions"}],"wp:attachment":[{"href":"https:\/\/www.turismocampillos.com\/web\/wp-json\/wp\/v2\/media?parent=5"}],"curies":[{"name":"wp","href":"https:\/\/api.w.org\/{rel}","templated":true}]}}