{"id":633,"date":"2017-05-12T12:22:10","date_gmt":"2017-05-12T10:22:10","guid":{"rendered":"https:\/\/www.turismocampillos.com\/web\/?page_id=633"},"modified":"2025-04-01T08:59:17","modified_gmt":"2025-04-01T06:59:17","slug":"hermandades","status":"publish","type":"page","link":"https:\/\/www.turismocampillos.com\/web\/conoce-campillos\/cultura\/semana-santa\/hermandades\/","title":{"rendered":"Hermandades"},"content":{"rendered":"\t\t<div data-elementor-type=\"wp-page\" data-elementor-id=\"633\" class=\"elementor elementor-633\">\n\t\t\t\t\t\t<section class=\"elementor-section elementor-top-section elementor-element elementor-element-7baf3057 elementor-section-boxed elementor-section-height-default elementor-section-height-default\" data-id=\"7baf3057\" data-element_type=\"section\" data-e-type=\"section\">\n\t\t\t\t\t\t<div class=\"elementor-container elementor-column-gap-default\">\n\t\t\t\t\t<div class=\"elementor-column elementor-col-100 elementor-top-column elementor-element elementor-element-69cb8f1\" data-id=\"69cb8f1\" data-element_type=\"column\" data-e-type=\"column\">\n\t\t\t<div class=\"elementor-widget-wrap elementor-element-populated\">\n\t\t\t\t\t\t<div class=\"elementor-element elementor-element-4233d00f elementor-widget elementor-widget-text-editor\" data-id=\"4233d00f\" data-element_type=\"widget\" data-e-type=\"widget\" data-widget_type=\"text-editor.default\">\n\t\t\t\t<div class=\"elementor-widget-container\">\n\t\t\t\t\t\t\t\t\t<h1>Hermandades y su historia.\u00a0<\/h1>\n<p>La Semana Santa es la fiesta o tradici\u00f3n que persiste en Campillos desde casi la fecha de la fundaci\u00f3n del pueblo 1492. El documento m\u00e1s antiguo que se conserva es un libro de actas de la Hermandad del Santo Cristo que data de 1593, en el que se refiere la compra de un solar situado junto a la Iglesia Parroquial, para edificar su capilla.\u00a0 Seg\u00fan el Archivo Hist\u00f3rico Municipal de Antequera, en 1595 exist\u00eda la Cofrad\u00eda de \u00abNuestra Se\u00f1ora de la Soledad\u00bb, que ese mismo a\u00f1o encargar\u00eda al escultor antequerano Andr\u00e9s de Iriarte la realizaci\u00f3n de un resucitado.\u00a0<\/p>\n<p>En la actualidad Campillos cuenta con seis cofrad\u00edas de Semana Santa que son conocidas popularmente como: \u00abLa Pollinica\u00bb, El Ni\u00f1o Chiquito, Santo Cristo, Jes\u00fas Nazareno, Santo Entierro y El Resucitado\u00bb. Salvando a la primera que es relativamente reciente, pues su fundaci\u00f3n data del a\u00f1o 1947 y a la \u00faltima, Jes\u00fas Resucitado en 1997; las restantes cofrad\u00edas podr\u00edamos deducir que comenzar\u00e1n su andadura penitencial a finales del siglo XVI y principios de XVII gracias al conocimiento de algunos documentos conservados y pese a que no se tengan las Actas Fundacionales de ninguna de ellas.\u00a0<\/p>\n<p>Hasta el 31 de marzo de 1675 la Hermandad del Santo Entierro y Nuestra Se\u00f1ora de las Angustias eran dos distintas, es partir de esta fecha cuando ambas deciden unirse. Seg\u00fan documentaci\u00f3n de 1728, la Cofrad\u00eda del Santo Cristo, conocida por entonces con de la Sangre, se mencionan tres im\u00e1genes en dicha cofrad\u00eda: un Crucificado, San Juan Evangelista, Santa Mar\u00eda Magdalena, Mar\u00eda Sant\u00edsima de los Dolores y Jes\u00fas Resucitado.\u00a0<\/p>\n<p><img fetchpriority=\"high\" decoding=\"async\" class=\"aligncenter wp-image-3282 size-large\" src=\"https:\/\/www.turismocampillos.com\/web\/wp-content\/uploads\/2025\/03\/40-724x1024.jpg\" alt=\"\" width=\"724\" height=\"1024\" srcset=\"https:\/\/www.turismocampillos.com\/web\/wp-content\/uploads\/2025\/03\/40-724x1024.jpg 724w, https:\/\/www.turismocampillos.com\/web\/wp-content\/uploads\/2025\/03\/40-212x300.jpg 212w, https:\/\/www.turismocampillos.com\/web\/wp-content\/uploads\/2025\/03\/40-768x1086.jpg 768w, https:\/\/www.turismocampillos.com\/web\/wp-content\/uploads\/2025\/03\/40-1086x1536.jpg 1086w, https:\/\/www.turismocampillos.com\/web\/wp-content\/uploads\/2025\/03\/40-1448x2048.jpg 1448w, https:\/\/www.turismocampillos.com\/web\/wp-content\/uploads\/2025\/03\/40-scaled.jpg 1810w\" sizes=\"(max-width: 724px) 100vw, 724px\" \/><\/p>\n<p>A lo largo de los a\u00f1os, el cometido social y espiritual de las cofrad\u00edas ha ido evolucionando, en sus or\u00edgenes se encargaban primordialmente del culto divino y de sufragar los gastos ocasionados por el fallecimiento de sus miembros: sepelio, misas, cera, flores, acompa\u00f1amiento al funeral&#8230;asegur\u00e1ndoles por tanto a sus afiliados un digno enterramiento que sol\u00eda ser en las fosas de las capillas que pose\u00edan en la Parroquia.\u00a0\u00a0<\/p>\n<p>Durante estos cuatro siglos de existencia, la imaginaci\u00f3n desarrollada por los cofrades para recaudar fondos ha sido muy prolija, desde las cl\u00e1sicas rifas hasta representaciones teatrales. As\u00ed consta que en 1747 lo hiciera la Cofrad\u00eda del Dulce Nombre, para costear la imagen de Mar\u00eda Sant\u00edsima, que hasta entonces, sal\u00eda el Ni\u00f1o solo en procesi\u00f3n o con la virgen de otra hermandad.\u00a0<\/p>\n<p>El siglo XVIII\u00a0 fue uno de los de mayor actividad cofradiera,\u00a0 como se refleja en los documentos que se conservan. Se llevaron a cabo compras de nuevas andas, im\u00e1genes, material para bordados, sayas, construcci\u00f3n de capillas y retablos en la Parroquia,\u00a0 y un sin fin de acontecimientos durante todo el siglo.\u00a0\u00a0<\/p>\n<p>En este siglo, tambi\u00e9n se llevo a cabo la votaci\u00f3n para poner nombre a la virgen de la Cofrad\u00eda del Dulce Nombre, en 1747 se vot\u00f3 entre La Paz, Aflicci\u00f3n, Traspaso o Socorro, siendo elegido por mayor\u00eda Socorro.\u00a0 Otro hecho curioso, era que el Santo Cristo fuese bajo palio, siendo de tela verde al igual que la cruz de madera.\u00a0<\/p>\n<p>Las medidas desamortizadoras y reformistas de Carlos III en su empe\u00f1o por controlar el enorme auge patrimonial de la Iglesia, hizo que decayera el desarrollo y la actividad de las cofrad\u00edas a finales del siglo XVIII y principios del siglo XIX. A ello se sum\u00f3 el continuo estado de guerra y saqueo que ocup\u00f3 sobre todo el comienzo de siglo . En 1830 Fernando VII orden\u00f3 la supresi\u00f3n de los desfiles procesionales, dado que el anonimato que proporcionaba el capirote se produc\u00edan numerosos altercados y des\u00f3rdenes.\u00a0<\/p>\n<p>Desgraciadamente de igual forma que ocurriese en otros lugares , buena parte de nuestra historia, costumbres y tradiciones se perdieron tras la guerra civil 1936-39. Con ella no s\u00f3lo desaparecieron libros y manuscritos de los archivos sino que tallas, esculturas , pinturas, enseres, tronos y bordados fueron pasto de las llamas y del saqueo. Lo poco que de entonces se pudo salvar es conservado y tratado por las distintas cofrad\u00edas como aut\u00e9nticos tesoros.\u00a0<\/p>\n<p><img decoding=\"async\" class=\"aligncenter wp-image-3276 size-large\" src=\"https:\/\/www.turismocampillos.com\/web\/wp-content\/uploads\/2025\/03\/34-724x1024.jpg\" alt=\"\" width=\"724\" height=\"1024\" srcset=\"https:\/\/www.turismocampillos.com\/web\/wp-content\/uploads\/2025\/03\/34-724x1024.jpg 724w, https:\/\/www.turismocampillos.com\/web\/wp-content\/uploads\/2025\/03\/34-212x300.jpg 212w, https:\/\/www.turismocampillos.com\/web\/wp-content\/uploads\/2025\/03\/34-768x1086.jpg 768w, https:\/\/www.turismocampillos.com\/web\/wp-content\/uploads\/2025\/03\/34-1086x1536.jpg 1086w, https:\/\/www.turismocampillos.com\/web\/wp-content\/uploads\/2025\/03\/34-1448x2048.jpg 1448w, https:\/\/www.turismocampillos.com\/web\/wp-content\/uploads\/2025\/03\/34-scaled.jpg 1810w\" sizes=\"(max-width: 724px) 100vw, 724px\" \/><\/p>\n<p>Por los pocos archivos que han perdurado, tenemos constancias, de las distintas cofrad\u00edas, y sus im\u00e1genes. As\u00ed Antonio Aguilar y Cano en 1890 public\u00f3 un libro \u00abApuntes hist\u00f3ricos de la Villa de Campillos\u00bb donde se describen an\u00e9cdotas curiosas de nuestra Semana Santa. Por \u00e9l sabemos que en los desfiles los disciplinantes se her\u00edan la espalda desnuda con gruesos abrojos de cera que estaban erizados con cascos de cristal.\u00a0 Y\u00a0 en los desfiles se representaban\u00a0 a los 12 ap\u00f3stoles, con t\u00fanicas, cabellera y una m\u00e1scara.\u00a0<\/p>\n<p><img decoding=\"async\" class=\"aligncenter size-large wp-image-3281\" src=\"https:\/\/www.turismocampillos.com\/web\/wp-content\/uploads\/2025\/03\/39-1024x724.jpg\" alt=\"\" width=\"1024\" height=\"724\" srcset=\"https:\/\/www.turismocampillos.com\/web\/wp-content\/uploads\/2025\/03\/39-1024x724.jpg 1024w, https:\/\/www.turismocampillos.com\/web\/wp-content\/uploads\/2025\/03\/39-300x212.jpg 300w, https:\/\/www.turismocampillos.com\/web\/wp-content\/uploads\/2025\/03\/39-768x543.jpg 768w, https:\/\/www.turismocampillos.com\/web\/wp-content\/uploads\/2025\/03\/39-1536x1086.jpg 1536w, https:\/\/www.turismocampillos.com\/web\/wp-content\/uploads\/2025\/03\/39-2048x1448.jpg 2048w\" sizes=\"(max-width: 1024px) 100vw, 1024px\" \/><\/p>\n<p>En los a\u00f1os 40 comienza la tarea de reposici\u00f3n de tronos, e im\u00e1genes termin\u00e1ndose esta labor, a principios de los 60.\u00a0 Fueron a\u00f1os muy dif\u00edciles, de gran pobreza, y hambre. La escasez y falta de trabajo eran tan apremiante\u00a0 en el pueblo que las hermandades en lugar de limosnas ped\u00edan panes, harina\u00a0 y aceite a los m\u00e1s pudientes para repartirlos entre los m\u00e1s necesitados y pese a todo, no cejaron en su empe\u00f1o de levantar sus patrimonios y continuaron renovando tronos e im\u00e1genes.\u00a0<\/p>\n<p>En 1957, se constituye por primera vez la Agrupaci\u00f3n de Hermandades y Cofrad\u00edas de Campillos cuyos fines son aunar esfuerzos e intentar mejorar y engrandecer la Semana Santa de Campillos. Entre sus logros destaca: la creaci\u00f3n de una banda de tambores y cornetas, la realizaci\u00f3n por vez primera de propaganda impresa de la Semana Santa por los pueblos de nuestro entorno, intentar reorganizar la cofrad\u00eda del Ni\u00f1o Chiquito y organizaci\u00f3n del primer preg\u00f3n de Semana Santa, celebrado el Domingo de Ramos de 1959 corriendo a cargo de D. Diego Moreno Jord\u00e1n.\u00a0 En Marzo de 1966 editan el primer y \u00fanico n\u00famero de una revista de Semana Santa que recog\u00eda adem\u00e1s de la informaci\u00f3n de cada cofrad\u00eda, la salida procesional de la Virgen de la Soledad del S\u00e1bado Santo, encerr\u00e1ndose en la ermita de San Sebasti\u00e1n. Dicha virgen no era otra, que la virgen de los Dolores, que durante unos a\u00f1os sali\u00f3 vestida totalmente de luto sobre unas andas sostenidas con horquillas y el solo acompa\u00f1amiento de un tambor destemplado.\u00a0<\/p>\n<p>Durante los a\u00f1os 70, nuevamente el movimiento cofradiero de Campillos sufri\u00f3 un par\u00f3n importante, que dur\u00f3 hasta mitad de la siguiente d\u00e9cada. Esta situaci\u00f3n llev\u00f3 a las hermandades a utilizar artilugios mec\u00e1nicos con los que desplazar los tronos por las calles con apenas seis hombres. La d\u00e9cada de los 80 supone el impulso definitivo que nuestra Semana Santa necesitaba. Nuevamente se reforman tronos, ampli\u00e1ndolos y adapt\u00e1ndolos a los varales. Comienzan a construirse las casas de hermandad. Los desfiles se enriquecen y el patrimonio cofradiero se va engrosando con aut\u00e9nticas obras de arte.<\/p>\n<p>La mujer, olvidada durante siglos y relegada a la labores de costura y limpieza, toma protagonismo destacado en la procesi\u00f3n acompa\u00f1ando a las V\u00edrgenes con sus mejores galas de mantillas y ocupa sitio preferente en las Juntas de Gobierno.\u00a0<\/p>\n<p><img loading=\"lazy\" decoding=\"async\" class=\"aligncenter wp-image-3273 size-large\" src=\"https:\/\/www.turismocampillos.com\/web\/wp-content\/uploads\/2025\/03\/31-1024x724.jpg\" alt=\"\" width=\"1024\" height=\"724\" srcset=\"https:\/\/www.turismocampillos.com\/web\/wp-content\/uploads\/2025\/03\/31-1024x724.jpg 1024w, https:\/\/www.turismocampillos.com\/web\/wp-content\/uploads\/2025\/03\/31-300x212.jpg 300w, https:\/\/www.turismocampillos.com\/web\/wp-content\/uploads\/2025\/03\/31-768x543.jpg 768w, https:\/\/www.turismocampillos.com\/web\/wp-content\/uploads\/2025\/03\/31-1536x1086.jpg 1536w, https:\/\/www.turismocampillos.com\/web\/wp-content\/uploads\/2025\/03\/31-2048x1448.jpg 2048w\" sizes=\"(max-width: 1024px) 100vw, 1024px\" \/><\/p>\n<p>La Agrupaci\u00f3n de Hermandades y Cofrad\u00edas, vuelve a organizarse en 1987, con un objetivo prioritario, la adquisici\u00f3n de una imagen de Jes\u00fas Resucitado con el que completar el particular V\u00eda Crucis campillero y celebrar con j\u00fabilo el triunfo de la vida sobre la muerte, hecho que ocurre diez a\u00f1os despu\u00e9s\u00a0 en 1997, con la obra de Antonio M. Castillo Jaren.\u00a0<\/p>\n<p>En los 25 a\u00f1os del siglo XX el revulsivo sufrido por la Semana Santa de esta localidad la hace destacar entre las m\u00e1s c\u00e9lebres de toda la provincia malague\u00f1a. Campillos tiene un nombre propio en la primavera de cada a\u00f1o. Un total de 11 im\u00e1genes y otros tantos tronos desfilan en cinco de los ocho d\u00edas pasionales: <a href=\"https:\/\/www.turismocampillos.com\/web\/domingo-de-ramos-la-pollinica\/\">Domingo de Ramos<\/a>, <a href=\"https:\/\/www.turismocampillos.com\/web\/miercoles-santo-el-nino-chiquito\/\">Mi\u00e9rcoles Santo<\/a>, <a href=\"https:\/\/www.turismocampillos.com\/web\/jueves-santo-noche-del-santo-cristo\/\">Jueves Santo,<\/a> <a href=\"https:\/\/www.turismocampillos.com\/web\/viernes-santo-manana-de-jesus\/\">Viernes Santo (ma\u00f1ana<\/a> y <a href=\"https:\/\/www.turismocampillos.com\/web\/viernes-santo-noche-del-santo-entierro\/\">noche)<\/a> y <a href=\"https:\/\/www.turismocampillos.com\/web\/domingo-de-resureccion\/\">Domingo de Resurrecci\u00f3n.\u00a0<\/a><\/p>\n<p>\u00a0En ellos m\u00e1s de 200 mantillas, unas 17 bandas de m\u00fasica, cornetas y tambores,\u00a0 72 consiliarios y alrededor de 1000 hombres de trono acompa\u00f1an a los Sagrados Titulares de las cofrad\u00edas, en un pueblo de apenas 8658 habitantes.\u00a0<\/p>\n<p><\/p>\n<p><\/p>\t\t\t\t\t\t\t\t<\/div>\n\t\t\t\t<\/div>\n\t\t\t\t\t<\/div>\n\t\t<\/div>\n\t\t\t\t\t<\/div>\n\t\t<\/section>\n\t\t\t\t<\/div>\n\t\t","protected":false},"excerpt":{"rendered":"<p>Hermandades y su historia.\u00a0 La Semana Santa es la fiesta o tradici\u00f3n que persiste en Campillos desde casi la fecha de la fundaci\u00f3n del pueblo 1492. El documento m\u00e1s antiguo que se conserva es un libro de actas de la Hermandad del Santo Cristo que data de 1593, en el que se refiere la compra [&hellip;]<\/p>\n","protected":false},"author":1,"featured_media":0,"parent":345,"menu_order":0,"comment_status":"closed","ping_status":"closed","template":"","meta":{"site-sidebar-layout":"default","site-content-layout":"","ast-site-content-layout":"default","site-content-style":"default","site-sidebar-style":"default","ast-global-header-display":"","ast-banner-title-visibility":"","ast-main-header-display":"","ast-hfb-above-header-display":"","ast-hfb-below-header-display":"","ast-hfb-mobile-header-display":"","site-post-title":"","ast-breadcrumbs-content":"","ast-featured-img":"","footer-sml-layout":"","ast-disable-related-posts":"","theme-transparent-header-meta":"","adv-header-id-meta":"","stick-header-meta":"","header-above-stick-meta":"","header-main-stick-meta":"","header-below-stick-meta":"","astra-migrate-meta-layouts":"set","ast-page-background-enabled":"default","ast-page-background-meta":{"desktop":{"background-color":"var(--ast-global-color-4)","background-image":"","background-repeat":"repeat","background-position":"center center","background-size":"auto","background-attachment":"scroll","background-type":"","background-media":"","overlay-type":"","overlay-color":"","overlay-opacity":"","overlay-gradient":""},"tablet":{"background-color":"","background-image":"","background-repeat":"repeat","background-position":"center center","background-size":"auto","background-attachment":"scroll","background-type":"","background-media":"","overlay-type":"","overlay-color":"","overlay-opacity":"","overlay-gradient":""},"mobile":{"background-color":"","background-image":"","background-repeat":"repeat","background-position":"center center","background-size":"auto","background-attachment":"scroll","background-type":"","background-media":"","overlay-type":"","overlay-color":"","overlay-opacity":"","overlay-gradient":""}},"ast-content-background-meta":{"desktop":{"background-color":"var(--ast-global-color-5)","background-image":"","background-repeat":"repeat","background-position":"center center","background-size":"auto","background-attachment":"scroll","background-type":"","background-media":"","overlay-type":"","overlay-color":"","overlay-opacity":"","overlay-gradient":""},"tablet":{"background-color":"var(--ast-global-color-5)","background-image":"","background-repeat":"repeat","background-position":"center center","background-size":"auto","background-attachment":"scroll","background-type":"","background-media":"","overlay-type":"","overlay-color":"","overlay-opacity":"","overlay-gradient":""},"mobile":{"background-color":"var(--ast-global-color-5)","background-image":"","background-repeat":"repeat","background-position":"center center","background-size":"auto","background-attachment":"scroll","background-type":"","background-media":"","overlay-type":"","overlay-color":"","overlay-opacity":"","overlay-gradient":""}},"footnotes":""},"class_list":["post-633","page","type-page","status-publish","hentry"],"_links":{"self":[{"href":"https:\/\/www.turismocampillos.com\/web\/wp-json\/wp\/v2\/pages\/633","targetHints":{"allow":["GET"]}}],"collection":[{"href":"https:\/\/www.turismocampillos.com\/web\/wp-json\/wp\/v2\/pages"}],"about":[{"href":"https:\/\/www.turismocampillos.com\/web\/wp-json\/wp\/v2\/types\/page"}],"author":[{"embeddable":true,"href":"https:\/\/www.turismocampillos.com\/web\/wp-json\/wp\/v2\/users\/1"}],"replies":[{"embeddable":true,"href":"https:\/\/www.turismocampillos.com\/web\/wp-json\/wp\/v2\/comments?post=633"}],"version-history":[{"count":0,"href":"https:\/\/www.turismocampillos.com\/web\/wp-json\/wp\/v2\/pages\/633\/revisions"}],"up":[{"embeddable":true,"href":"https:\/\/www.turismocampillos.com\/web\/wp-json\/wp\/v2\/pages\/345"}],"wp:attachment":[{"href":"https:\/\/www.turismocampillos.com\/web\/wp-json\/wp\/v2\/media?parent=633"}],"curies":[{"name":"wp","href":"https:\/\/api.w.org\/{rel}","templated":true}]}}